000
CDUS46 KMFR 260041
CLIMHS


CLIMATE REPORT
NATIONAL WEATHER SERVICE MEDFORD, OR
540 PM PDT WED APR 25 2018


...................................

...THE MT SHASTA CITY CA CLIMATE SUMMARY FOR APRIL 25 2018...
VALID TODAY AS OF 0500 PM LOCAL TIME.

CLIMATE NORMAL PERIOD 1981 TO 2010
CLIMATE RECORD PERIOD 1908 TO 2018


WEATHER ITEM   OBSERVED TIME   RECORD YEAR NORMAL DEPARTURE LAST
                VALUE   (LST)  VALUE       VALUE  FROM      YEAR
                                                  NORMAL
..................................................................
TEMPERATURE (F)
 TODAY
  MAXIMUM         81    250 PM  84    1926  63     18       57
  MINIMUM         38    459 AM  23    1975  35      3       36
  AVERAGE         60                        49     11       47

PRECIPITATION (IN)
  TODAY            0.00          1.69 1955   0.09  -0.09     0.01
  MONTH TO DATE    2.15                      2.54  -0.39     8.43
  SINCE OCT 1     18.10                     38.00 -19.90    57.89
  SINCE JAN 1     12.27                     22.79 -10.52    36.73

SNOWFALL (IN)
  TODAY           MM                         0.1   MM       MM
  MONTH TO DATE   MM                         5.1   MM       MM
  SINCE JUL 1     MM                        91.2   MM       MM
  SNOW DEPTH      MM

DEGREE DAYS
 HEATING
  TODAY            5                        16    -11       18
  MONTH TO DATE  422                       460    -38      481
  SINCE MAR 1   1198                      1164     34     1110
  SINCE JUL 1   4796                      5139   -343     5007

 COOLING
  TODAY            0                         0      0        0
  MONTH TO DATE    0                         0      0        0
  SINCE MAR 1      0                         0      0        0
  SINCE JAN 1      0                         0      0        0
..................................................................


WIND (MPH)
  HIGHEST WIND SPEED     7   HIGHEST WIND DIRECTION    SW (220)
  HIGHEST GUST SPEED    14   HIGHEST GUST DIRECTION    SW (210)
  AVERAGE WIND SPEED     1.6


SKY COVER
  POSSIBLE SUNSHINE  MM
  AVERAGE SKY COVER 0.0


WEATHER CONDITIONS
 THE FOLLOWING WEATHER WAS RECORDED TODAY.
  NO SIGNIFICANT WEATHER WAS OBSERVED.


RELATIVE HUMIDITY (PERCENT)
 HIGHEST    82           500 AM
 LOWEST     13           100 PM

..........................................................


THE MT SHASTA CITY CA CLIMATE NORMALS FOR TOMORROW
                         NORMAL    RECORD    YEAR
 MAXIMUM TEMPERATURE (F)   64        83      2004
 MINIMUM TEMPERATURE (F)   35        26      1977


SUNRISE AND SUNSET
APRIL 25 2018.........SUNRISE   615 AM PDT   SUNSET   800 PM PDT
APRIL 26 2018.........SUNRISE   613 AM PDT   SUNSET   801 PM PDT


-  INDICATES NEGATIVE NUMBERS.
R  INDICATES RECORD WAS SET OR TIED.
MM INDICATES DATA IS MISSING.
T  INDICATES TRACE AMOUNT.




$$
