000
CDUS43 KIND 210535
CLIMIE


CLIMATE REPORT
NATIONAL WEATHER SERVICE INDIANAPOLIS IN
134 AM EDT SAT APR 21 2018


...................................

...THE MUNCIE IN CLIMATE SUMMARY FOR APRIL 20 2018...

CLIMATE NORMAL PERIOD 1981 TO 2010
CLIMATE RECORD PERIOD 9999 TO 9999


WEATHER ITEM   OBSERVED TIME   NORMAL DEPARTURE LAST
                VALUE   (LST)  VALUE  FROM      YEAR
                                      NORMAL
......................................................
TEMPERATURE (F)
 YESTERDAY
  MAXIMUM         60    530 PM  64     -4       81
  MINIMUM         28    612 AM  43    -15       57
  AVERAGE         44            53     -9       69

PRECIPITATION (IN)
  YESTERDAY        0.00          0.12  -0.12     0.05
  MONTH TO DATE    3.58          2.45   1.13     1.98
  SINCE MAR 1      7.41          5.40   2.01     6.82
  SINCE JAN 1     12.80          9.94   2.86    12.53

DEGREE DAYS
 HEATING
  YESTERDAY       21            12      9        0
  MONTH TO DATE  436           316    120      158
  SINCE MAR 1   1265          1103    162      844
  SINCE JUL 1   5215          5486   -271     4132

 COOLING
  YESTERDAY        0             1     -1        4
  MONTH TO DATE    9             3      6       22
  SINCE MAR 1      9             4      5       24
  SINCE JAN 1     13             4      9       24
......................................................


WIND (MPH)
  HIGHEST WIND SPEED    12   HIGHEST WIND DIRECTION    NE (30)
  HIGHEST GUST SPEED    16   HIGHEST GUST DIRECTION    NE (30)
  AVERAGE WIND SPEED     3.7


SKY COVER
  AVERAGE SKY COVER 0.0


WEATHER CONDITIONS
 THE FOLLOWING WEATHER WAS RECORDED YESTERDAY.
  NO SIGNIFICANT WEATHER WAS OBSERVED.


RELATIVE HUMIDITY (PERCENT)
 HIGHEST    72           700 AM
 LOWEST     22           500 PM
 AVERAGE    47

..........................................................


THE MUNCIE IN CLIMATE NORMALS FOR TODAY
                         NORMAL
 MAXIMUM TEMPERATURE (F)   64
 MINIMUM TEMPERATURE (F)   43


SUNRISE AND SUNSET
APRIL 21 2018.........SUNRISE   655 AM EDT   SUNSET   826 PM EDT
APRIL 22 2018.........SUNRISE   653 AM EDT   SUNSET   828 PM EDT


-  INDICATES NEGATIVE NUMBERS.
R  INDICATES RECORD WAS SET OR TIED.
MM INDICATES DATA IS MISSING.
T  INDICATES TRACE AMOUNT.




$$
