000
CDUS43 KGRR 262125
CLIMKG


CLIMATE REPORT
NATIONAL WEATHER SERVICE GRAND RAPIDS, MI
525 PM EDT THU APR 26 2018


...................................

...THE MUSKEGON MI CLIMATE SUMMARY FOR APRIL 26 2018...
VALID TODAY AS OF 0500 PM LOCAL TIME.

CLIMATE NORMAL PERIOD 1981 TO 2010
CLIMATE RECORD PERIOD 1896 TO 2018


WEATHER ITEM   OBSERVED TIME   RECORD YEAR NORMAL DEPARTURE LAST
                VALUE   (LST)  VALUE       VALUE  FROM      YEAR
                                                  NORMAL
..................................................................
TEMPERATURE (F)
 TODAY
  MAXIMUM         58    135 PM  84    1986  60     -2       80
  MINIMUM         29    551 AM  22    1932  41    -12       60
  AVERAGE         44                        51     -7       70

PRECIPITATION (IN)
  TODAY            0.00          1.07 2011   0.10  -0.10     0.01
                                      2009
  MONTH TO DATE    3.11                      2.51   0.60     2.97
  SINCE MAR 1      4.41                      4.76  -0.35     5.58
  SINCE JAN 1     11.35                      8.62   2.73    11.28

SNOWFALL (IN)
  TODAY            0.0           T    1996   0.0    0.0      0.0
                                      1994
                                      1953
  MONTH TO DATE    7.5                       2.3    5.2      0.0
  SINCE MAR 1     13.6                      11.3    2.3      4.5
  SINCE JUL 1    105.3                      93.7   11.6     49.0
  SNOW DEPTH       0

DEGREE DAYS
 HEATING
  TODAY           21                        15      6        0
  MONTH TO DATE  716                       501    215      359
  SINCE MAR 1   1668                      1431    237     1263
  SINCE JUL 1   6185                      6163     22     5128

 COOLING
  TODAY            0                         0      0        5
  MONTH TO DATE    0                         0      0        5
  SINCE MAR 1      0                         0      0        5
  SINCE JAN 1      0                         0      0        5
..................................................................


WIND (MPH)
  RESULTANT WIND SPEED   4   RESULTANT WIND DIRECTION   W (250)
  HIGHEST WIND SPEED    14   HIGHEST WIND DIRECTION    SW (220)
  HIGHEST GUST SPEED    19   HIGHEST GUST DIRECTION     W (250)
  AVERAGE WIND SPEED     4.8


SKY COVER
  AVERAGE SKY COVER 0.4


WEATHER CONDITIONS
 THE FOLLOWING WEATHER WAS RECORDED TODAY.
  NO SIGNIFICANT WEATHER WAS OBSERVED.


RELATIVE HUMIDITY (PERCENT)
 HIGHEST    85           400 AM
 LOWEST     35          1100 AM
 AVERAGE    60

..........................................................


THE MUSKEGON MI CLIMATE NORMALS FOR TOMORROW
                         NORMAL    RECORD    YEAR
 MAXIMUM TEMPERATURE (F)   61        85      1899
 MINIMUM TEMPERATURE (F)   41        18      1934


SUNRISE AND SUNSET
APRIL 26 2018.........SUNRISE   646 AM EDT   SUNSET   841 PM EDT
APRIL 27 2018.........SUNRISE   644 AM EDT   SUNSET   842 PM EDT


-  INDICATES NEGATIVE NUMBERS.
R  INDICATES RECORD WAS SET OR TIED.
MM INDICATES DATA IS MISSING.
T  INDICATES TRACE AMOUNT.




$$
