730
CDUS44 KMEG 210633
CLIMKL


CLIMATE REPORT
NATIONAL WEATHER SERVICE MEMPHIS TN
132 AM CDT MON MAY 21 2018


...................................

...THE JACKSON CLIMATE SUMMARY FOR MAY 20 2018...

CLIMATE NORMAL PERIOD 1981 TO 2010
CLIMATE RECORD PERIOD 1948 TO 2018


WEATHER ITEM   OBSERVED TIME   RECORD YEAR NORMAL DEPARTURE LAST
                VALUE   (LST)  VALUE       VALUE  FROM      YEAR
                                                  NORMAL
..................................................................
TEMPERATURE (F)
 YESTERDAY
  MAXIMUM         90   1240 PM  93    1964  81      9       83
  MINIMUM         64    459 AM  41    2007  58      6       69
  AVERAGE         77                        70      7       76

PRECIPITATION (IN)
  YESTERDAY        0.07          1.50 1984   0.17  -0.10     0.21
  MONTH TO DATE    2.05                      3.71  -1.66     1.44
  SINCE MAR 1     13.38                     13.32   0.06    14.89
  SINCE JAN 1     32.09                     21.56  10.53    19.72

DEGREE DAYS
 HEATING
  YESTERDAY        0                         1     -1        0
  MONTH TO DATE    1                        39    -38       39
  SINCE MAR 1    754                       681     73      477
  SINCE JUL 1   3497                      3565    -68     2517

 COOLING
  YESTERDAY       12                         6      6       11
  MONTH TO DATE  182                        82    100       95
  SINCE MAR 1    197                       140     57      197
  SINCE JAN 1    215                       141     74      199
..................................................................


WIND (MPH)
  HIGHEST WIND SPEED    18   HIGHEST WIND DIRECTION     N (360)
  HIGHEST GUST SPEED    23   HIGHEST GUST DIRECTION     E (100)
  AVERAGE WIND SPEED     4.8


SKY COVER
  POSSIBLE SUNSHINE  MM
  AVERAGE SKY COVER 0.1


WEATHER CONDITIONS
 THE FOLLOWING WEATHER WAS RECORDED YESTERDAY.
  THUNDERSTORM
  LIGHT RAIN
  FOG
  HAZE


RELATIVE HUMIDITY (PERCENT)
 HIGHEST   100           500 AM
 LOWEST     56           100 PM
 AVERAGE    78

..........................................................


THE JACKSON CLIMATE NORMALS FOR TODAY
                         NORMAL    RECORD    YEAR
 MAXIMUM TEMPERATURE (F)   81        93      1962
 MINIMUM TEMPERATURE (F)   59        41      1954


SUNRISE AND SUNSET
MAY 21 2018...........SUNRISE   547 AM CDT   SUNSET   758 PM CDT
MAY 22 2018...........SUNRISE   546 AM CDT   SUNSET   759 PM CDT


-  INDICATES NEGATIVE NUMBERS.
R  INDICATES RECORD WAS SET OR TIED.
MM INDICATES DATA IS MISSING.
T  INDICATES TRACE AMOUNT.




$$
