662
CDUS43 KDVN 190930
CLIMLI


CLIMATE REPORT
NATIONAL WEATHER SERVICE QUAD CITIES IA IL
428 AM CDT THU APR 19 2018


...................................

...THE MOLINE IL CLIMATE SUMMARY FOR APRIL 18 2018...

CLIMATE NORMAL PERIOD 1981 TO 2010
CLIMATE RECORD PERIOD 1872 TO 2018


WEATHER ITEM   OBSERVED TIME   RECORD YEAR NORMAL DEPARTURE LAST
                VALUE   (LST)  VALUE       VALUE  FROM      YEAR
                                                  NORMAL
..................................................................
TEMPERATURE (F)
 YESTERDAY
  MAXIMUM         36    246 PM  91    2002  63    -27       77
  MINIMUM         32    529 AM  23    1990  41     -9       43
                                      1983
  AVERAGE         34                        52    -18       60

PRECIPITATION (IN)
  YESTERDAY        0.04          1.97 1909   0.11  -0.07     0.00
  MONTH TO DATE    0.95                      2.06  -1.11     2.74
  SINCE MAR 1      4.23                      4.92  -0.69     6.23
  SINCE JAN 1      8.06                      8.01   0.05     8.64

SNOWFALL (IN)
  YESTERDAY        T            MM      MM   0.0    0.0      0.0
  MONTH TO DATE    3.2                       0.8    2.4      0.0
  SINCE MAR 1     13.6                       4.8    8.8      5.9
  SINCE JUL 1     41.7                      31.5   10.2     22.4
  SNOW DEPTH       0

DEGREE DAYS
 HEATING
  YESTERDAY       31                        13     18        5
  MONTH TO DATE  507                       290    217      181
  SINCE MAR 1   1354                      1094    260      927
  SINCE JUL 1   5981                      5892     89     4730

 COOLING
  YESTERDAY        0                         1     -1        0
  MONTH TO DATE    0                         2     -2       13
  SINCE MAR 1      0                         3     -3       13
  SINCE JAN 1      0                         3     -3       13
..................................................................


WIND (MPH)
  HIGHEST WIND SPEED    25   HIGHEST WIND DIRECTION     E (100)
  HIGHEST GUST SPEED    33   HIGHEST GUST DIRECTION     E (100)
  AVERAGE WIND SPEED    13.8


SKY COVER
  POSSIBLE SUNSHINE  MM
  AVERAGE SKY COVER 0.8


WEATHER CONDITIONS
 THE FOLLOWING WEATHER WAS RECORDED YESTERDAY.
  LIGHT SNOW
  FOG
  HAZE


RELATIVE HUMIDITY (PERCENT)
 HIGHEST   100           400 PM
 LOWEST     64          1200 AM
 AVERAGE    82

..........................................................


THE MOLINE IL CLIMATE NORMALS FOR TODAY
                         NORMAL    RECORD    YEAR
 MAXIMUM TEMPERATURE (F)   64        86      1985
 MINIMUM TEMPERATURE (F)   42        23      1983


SUNRISE AND SUNSET
APRIL 19 2018.........SUNRISE   616 AM CDT   SUNSET   747 PM CDT
APRIL 20 2018.........SUNRISE   615 AM CDT   SUNSET   748 PM CDT


-  INDICATES NEGATIVE NUMBERS.
R  INDICATES RECORD WAS SET OR TIED.
MM INDICATES DATA IS MISSING.
T  INDICATES TRACE AMOUNT.




$$
