407
CDUS46 KSTO 240843
CLIMOD


CLIMATE REPORT
NATIONAL WEATHER SERVICE SACRAMENTO, CA
142 AM PDT THU MAY 24 2018


...................................

...THE MODESTO CA CLIMATE SUMMARY FOR MAY 23 2018...

CLIMATE NORMAL PERIOD 1981 TO 2010
CLIMATE RECORD PERIOD 1931 TO 2018


WEATHER ITEM   OBSERVED TIME   RECORD YEAR NORMAL DEPARTURE LAST
                VALUE   (LST)  VALUE       VALUE  FROM      YEAR
                                                  NORMAL
..................................................................
TEMPERATURE (F)
 YESTERDAY
  MAXIMUM         79    350 PM 101    2017  85     -6      101
  MINIMUM         55    514 AM  43    1960  56     -1       67
  AVERAGE         67

PRECIPITATION (IN)
  YESTERDAY        0.00          0.21 1990   0.02  -0.02     0.00
  MONTH TO DATE    T                         0.51  -0.51     0.01
  SINCE OCT 1      8.00                     12.59  -4.59    16.79
  SINCE JAN 1      6.97                      8.51  -1.54    11.76

SNOWFALL (IN)
  YESTERDAY        0.0          MM      MM
  MONTH TO DATE    0.0
  SINCE MAR 1      0.0
  SINCE JUL 1      0.0
  SNOW DEPTH       0

DEGREE DAYS
 HEATING
  YESTERDAY        0                         1     -1        0
  MONTH TO DATE    3                        30    -27       22
  SINCE MAR 1    412                       396     16      292
  SINCE JUL 1   1990                      2164   -174     1808

 COOLING
  YESTERDAY        2                         6     -4       19
  MONTH TO DATE   76                       102    -26      160
  SINCE MAR 1    104                       146    -42      177
  SINCE JAN 1    104                       146    -42      177
..................................................................


WIND (MPH)
  RESULTANT WIND SPEED  10   RESULTANT WIND DIRECTION  NW (330)
  HIGHEST WIND SPEED    20   HIGHEST WIND DIRECTION    NW (320)
  HIGHEST GUST SPEED    26   HIGHEST GUST DIRECTION    NW (320)


SKY COVER
  POSSIBLE SUNSHINE  MM
  AVERAGE SKY COVER 0.0


WEATHER CONDITIONS
 THE FOLLOWING WEATHER WAS RECORDED YESTERDAY.
  NO SIGNIFICANT WEATHER WAS OBSERVED.


RELATIVE HUMIDITY (PERCENT)
 HIGHEST    86           300 AM
 LOWEST     37           300 PM
 AVERAGE    62

..........................................................


THE MODESTO CA CLIMATE NORMALS FOR TODAY
                         NORMAL    RECORD    YEAR
 MAXIMUM TEMPERATURE (F)   85       100      1982
 MINIMUM TEMPERATURE (F)   56        42      1953


SUNRISE AND SUNSET
MAY 24 2018...........SUNRISE   548 AM PDT   SUNSET   814 PM PDT
MAY 25 2018...........SUNRISE   547 AM PDT   SUNSET   815 PM PDT


-  INDICATES NEGATIVE NUMBERS.
R  INDICATES RECORD WAS SET OR TIED.
MM INDICATES DATA IS MISSING.
T  INDICATES TRACE AMOUNT.




$$
