337
CDUS43 KBIS 250728
CLIMOT


CLIMATE REPORT
NATIONAL WEATHER SERVICE BISMARCK ND
227 AM CDT WED APR 25 2018


...................................

...THE MINOT ND CLIMATE SUMMARY FOR APRIL 24 2018...

CLIMATE NORMAL PERIOD 1981 TO 2010
CLIMATE RECORD PERIOD 1897 TO 2018


WEATHER ITEM   OBSERVED TIME   RECORD YEAR NORMAL DEPARTURE LAST
                VALUE   (LST)  VALUE       VALUE  FROM      YEAR
                                                  NORMAL
..................................................................
TEMPERATURE (F)
 YESTERDAY
  MAXIMUM         61    537 PM  88    2012  59      2       34
  MINIMUM         30    557 AM  11    1931  35     -5       30
  AVERAGE         46                        47     -1       32

PRECIPITATION (IN)
  YESTERDAY        0.00          2.14 1950   0.05  -0.05     0.06
  MONTH TO DATE    0.01                      0.82  -0.81     0.29
  SINCE MAR 1      0.64                      1.66  -1.02     0.60
  SINCE JAN 1      0.75                      2.57  -1.82     0.74

DEGREE DAYS
 HEATING
  YESTERDAY       19                        18      1       33
  MONTH TO DATE  833                       554    279      487
  SINCE MAR 1   2070                      1693    377     1638
  SINCE JUL 1   8588                      8269    319     7574

 COOLING
  YESTERDAY        0                         0      0        0
  MONTH TO DATE    0                         0      0        0
  SINCE MAR 1      0                         0      0        0
  SINCE JAN 1      0                         0      0        0
..................................................................


WIND (MPH)
  HIGHEST WIND SPEED    17   HIGHEST WIND DIRECTION    NW (310)
  HIGHEST GUST SPEED    24   HIGHEST GUST DIRECTION    NW (310)
  AVERAGE WIND SPEED     8.2


SKY COVER
  POSSIBLE SUNSHINE  MM
  AVERAGE SKY COVER 0.0


WEATHER CONDITIONS
 THE FOLLOWING WEATHER WAS RECORDED YESTERDAY.
  NO SIGNIFICANT WEATHER WAS OBSERVED.


RELATIVE HUMIDITY (PERCENT)
 HIGHEST    78           500 AM
 LOWEST     17           400 PM
 AVERAGE    48

..........................................................


THE MINOT ND CLIMATE NORMALS FOR TODAY
                         NORMAL    RECORD    YEAR
 MAXIMUM TEMPERATURE (F)   60        81      1977
 MINIMUM TEMPERATURE (F)   36        11      1907


SUNRISE AND SUNSET
APRIL 25 2018.........SUNRISE   637 AM CDT   SUNSET   850 PM CDT
APRIL 26 2018.........SUNRISE   635 AM CDT   SUNSET   852 PM CDT


-  INDICATES NEGATIVE NUMBERS.
R  INDICATES RECORD WAS SET OR TIED.
MM INDICATES DATA IS MISSING.
T  INDICATES TRACE AMOUNT.




$$
