000
CDUS41 KPHI 200555
CLIMPO


CLIMATE REPORT
NATIONAL WEATHER SERVICE MOUNT HOLLY NJ
155 AM EDT SUN MAY 20 2018


...................................

...THE MOUNT POCONO PA CLIMATE SUMMARY FOR MAY 19 2018...

CLIMATE NORMAL PERIOD 1981 TO 2010
CLIMATE RECORD PERIOD 1901 TO 2018


WEATHER ITEM   OBSERVED TIME   RECORD YEAR NORMAL DEPARTURE LAST
                VALUE   (LST)  VALUE       VALUE  FROM      YEAR
                                                  NORMAL
..................................................................
TEMPERATURE (F)
 YESTERDAY
  MAXIMUM         61   1159 PM  89    1962  66     -5       82
  MINIMUM         42    733 AM  25    1973  46     -4       52
  AVERAGE         52                        56     -4       67

PRECIPITATION (IN)
  YESTERDAY        1.17          1.50 1922   0.15   1.02     0.00
  MONTH TO DATE    5.46                      2.35   3.11     2.95
  SINCE MAR 1     12.36                     10.20   2.16    10.80
  SINCE JAN 1     21.99                     15.46   6.53    15.76

DEGREE DAYS
 HEATING
  YESTERDAY       13                        10      3        0
  MONTH TO DATE  143                       225    -82      258
  SINCE MAR 1   2024                      1796    228     1803
  SINCE JUL 1   6985                      6919     66     6406

 COOLING
  YESTERDAY        0                         1     -1        2
  MONTH TO DATE   17                         1     16       15
  SINCE MAR 1     17                         5     12       18
  SINCE JAN 1     17                         5     12       18
..................................................................


WIND (MPH)
  HIGHEST WIND SPEED    15   HIGHEST WIND DIRECTION    SW (210)
  HIGHEST GUST SPEED    21   HIGHEST GUST DIRECTION     E (90)
  AVERAGE WIND SPEED     7.9


SKY COVER
  POSSIBLE SUNSHINE  MM
  AVERAGE SKY COVER 1.0


WEATHER CONDITIONS
 THE FOLLOWING WEATHER WAS RECORDED YESTERDAY.
  HEAVY RAIN
  RAIN
  LIGHT RAIN
  FOG
  FOG W/VISIBILITY <= 1/4 MILE


RELATIVE HUMIDITY (PERCENT)
 HIGHEST   100           600 AM
 LOWEST     52          1200 AM
 AVERAGE    76

..........................................................


THE MOUNT POCONO PA CLIMATE NORMALS FOR TODAY
                         NORMAL    RECORD    YEAR
 MAXIMUM TEMPERATURE (F)   66        87      1962
 MINIMUM TEMPERATURE (F)   46        29      1992


SUNRISE AND SUNSET
MAY 20 2018...........SUNRISE   539 AM EDT   SUNSET   818 PM EDT
MAY 21 2018...........SUNRISE   538 AM EDT   SUNSET   819 PM EDT


-  INDICATES NEGATIVE NUMBERS.
R  INDICATES RECORD WAS SET OR TIED.
MM INDICATES DATA IS MISSING.
T  INDICATES TRACE AMOUNT.




$$
