000
CDUS41 KBTV 260536
CLIMPV


CLIMATE REPORT
NATIONAL WEATHER SERVICE BURLINGTON VT
135 AM EDT THU APR 26 2018


...................................

...THE MONTPELIER VT CLIMATE SUMMARY FOR APRIL 25 2018...

CLIMATE NORMAL PERIOD 1981 TO 2010
CLIMATE RECORD PERIOD 1948 TO 2018


WEATHER ITEM   OBSERVED TIME   RECORD YEAR NORMAL DEPARTURE LAST
                VALUE   (LST)  VALUE       VALUE  FROM      YEAR
                                                  NORMAL
..................................................................
TEMPERATURE (F)
 YESTERDAY
  MAXIMUM         53    601 PM  85    2009  58     -5       55
  MINIMUM         47    639 AM  17    1965  35     12       32
  AVERAGE         50                        47      3       44

PRECIPITATION (IN)
  YESTERDAY        0.52          0.58        0.09   0.43     0.16
  MONTH TO DATE    3.57                      2.19   1.38     3.07
  SINCE MAR 1      6.06                      4.58   1.48     5.67
  SINCE JAN 1     10.34                      9.07   1.27     9.59

DEGREE DAYS
 HEATING
  YESTERDAY       15                        18     -3       21
  MONTH TO DATE  762                       591    171      503
  SINCE MAR 1   1907                      1708    199     1784
  SINCE JUL 1   7562                      7616    -54     7005

 COOLING
  YESTERDAY        0                         0      0        0
  MONTH TO DATE    0                         0      0        1
  SINCE MAR 1      0                         0      0        1
  SINCE JAN 1      0                         0      0        1
..................................................................


WIND (MPH)
  HIGHEST WIND SPEED    14   HIGHEST WIND DIRECTION     S (160)
  HIGHEST GUST SPEED    17   HIGHEST GUST DIRECTION     S (160)
  AVERAGE WIND SPEED     5.1


SKY COVER
  AVERAGE SKY COVER 0.8


WEATHER CONDITIONS
 THE FOLLOWING WEATHER WAS RECORDED YESTERDAY.
  RAIN
  LIGHT RAIN
  FOG


RELATIVE HUMIDITY (PERCENT)
 HIGHEST   100           100 PM
 LOWEST     41          1200 AM
 AVERAGE    71

..........................................................


THE MONTPELIER VT CLIMATE NORMALS FOR TODAY
                         NORMAL    RECORD    YEAR
 MAXIMUM TEMPERATURE (F)   59        80      1990
 MINIMUM TEMPERATURE (F)   35        22      1967


SUNRISE AND SUNSET
APRIL 26 2018.........SUNRISE   549 AM EDT   SUNSET   748 PM EDT
APRIL 27 2018.........SUNRISE   547 AM EDT   SUNSET   749 PM EDT


-  INDICATES NEGATIVE NUMBERS.
R  INDICATES RECORD WAS SET OR TIED.
MM INDICATES DATA IS MISSING.
T  INDICATES TRACE AMOUNT.




$$
