000
CDUS41 KBTV 250548
CLIMVL


CLIMATE REPORT
NATIONAL WEATHER SERVICE BURLINGTON VT
146 AM EDT WED APR 25 2018


...................................

...THE MORRISVILLE VT CLIMATE SUMMARY FOR APRIL 24 2018...

CLIMATE NORMAL PERIOD 1981 TO 2010
CLIMATE RECORD PERIOD 9999 TO 9999


WEATHER ITEM   OBSERVED TIME   NORMAL DEPARTURE LAST
                VALUE   (LST)  VALUE  FROM      YEAR
                                      NORMAL
......................................................
TEMPERATURE (F)
 YESTERDAY
  MAXIMUM         71    142 PM  59     12       57
  MINIMUM         28    526 AM  33     -5       32
  AVERAGE         50            46      4       45

PRECIPITATION (IN)
  YESTERDAY        0.00          0.07  -0.07     0.00
  MONTH TO DATE    2.56          1.95   0.61     3.46
  SINCE MAR 1      5.05          3.62   1.43     4.46
  SINCE JAN 1     10.14          7.90   2.24     7.53

DEGREE DAYS
 HEATING
  YESTERDAY       15            19     -4       20
  MONTH TO DATE  708           587    121      506
  SINCE MAR 1   1882          1714    168     1814
  SINCE JUL 1   7487          7674   -187     7037

 COOLING
  YESTERDAY        0             0      0        0
  MONTH TO DATE    0             0      0        0
  SINCE MAR 1      0             0      0        0
  SINCE JAN 1      0             0      0        0
......................................................


WIND (MPH)
  HIGHEST WIND SPEED    17   HIGHEST WIND DIRECTION     S (200)
  HIGHEST GUST SPEED    23   HIGHEST GUST DIRECTION     S (160)
  AVERAGE WIND SPEED     5.9


SKY COVER
  AVERAGE SKY COVER 0.0


WEATHER CONDITIONS
 THE FOLLOWING WEATHER WAS RECORDED YESTERDAY.
  NO SIGNIFICANT WEATHER WAS OBSERVED.


RELATIVE HUMIDITY (PERCENT)
 HIGHEST    85           100 AM
 LOWEST     12           300 PM
 AVERAGE    49

..........................................................


THE MORRISVILLE VT CLIMATE NORMALS FOR TODAY
                         NORMAL    RECORD    YEAR
 MAXIMUM TEMPERATURE (F)   59        85      2009
 MINIMUM TEMPERATURE (F)   34        22      2016


SUNRISE AND SUNSET
APRIL 25 2018.........SUNRISE   550 AM EDT   SUNSET   748 PM EDT
APRIL 26 2018.........SUNRISE   548 AM EDT   SUNSET   749 PM EDT


-  INDICATES NEGATIVE NUMBERS.
R  INDICATES RECORD WAS SET OR TIED.
MM INDICATES DATA IS MISSING.
T  INDICATES TRACE AMOUNT.




$$
