000
CDUS46 KMTR 220828
CLINUQ


CLIMATE REPORT
NATIONAL WEATHER SERVICE SAN FRANCISCO BAY AREA
127 AM PDT SUN APR 22 2018


...................................

...THE MOFFETT FIELD CLIMATE SUMMARY FOR APRIL 21 2018...

CLIMATE NORMAL PERIOD 1981 TO 2010
CLIMATE RECORD PERIOD 1945 TO 2018


WEATHER ITEM   OBSERVED TIME   RECORD YEAR NORMAL DEPARTURE LAST
                VALUE   (LST)  VALUE       VALUE  FROM      YEAR
                                                  NORMAL
..................................................................
TEMPERATURE (F)
 YESTERDAY
  MAXIMUM         79    200 PM  90    2009  70      9       77
  MINIMUM         48    541 AM  39    2001  50     -2       51
  AVERAGE         64                        60      4       64

PRECIPITATION (IN)
  YESTERDAY        0.00          0.58 1967   0.03  -0.03     0.00
  MONTH TO DATE    0.85                      0.73   0.12     1.33
  SINCE OCT 1      8.20                     13.65  -5.45    18.13
  SINCE JAN 1      6.25                      8.81  -2.56    13.56

DEGREE DAYS
 HEATING
  YESTERDAY        1                                         1
  MONTH TO DATE  138                                       130
  SINCE MAR 1    445                                       363
  SINCE JUL 1   1856                                      1891

 COOLING
  YESTERDAY        0                                         0
  MONTH TO DATE    0                                         0
  SINCE MAR 1      2                                         0
  SINCE JAN 1      2                                         0
..................................................................


WIND (MPH)
  RESULTANT WIND SPEED   4   RESULTANT WIND DIRECTION   N (360)
  HIGHEST WIND SPEED    15   HIGHEST WIND DIRECTION    NW (330)
  HIGHEST GUST SPEED    20   HIGHEST GUST DIRECTION    NW (320)
  AVERAGE WIND SPEED     5.7


SKY COVER
  POSSIBLE SUNSHINE  MM
  AVERAGE SKY COVER 0.0


WEATHER CONDITIONS
 THE FOLLOWING WEATHER WAS RECORDED YESTERDAY.
  NO SIGNIFICANT WEATHER WAS OBSERVED.


RELATIVE HUMIDITY (PERCENT)
 HIGHEST    93          1100 PM
 LOWEST     37           200 PM
 AVERAGE    65

..........................................................


THE MOFFETT FIELD CLIMATE NORMALS FOR TODAY
                         NORMAL    RECORD    YEAR
 MAXIMUM TEMPERATURE (F)   70        88      2013
 MINIMUM TEMPERATURE (F)   50        40      1945


SUNRISE AND SUNSET
APRIL 22 2018.........SUNRISE   624 AM PDT   SUNSET   750 PM PDT
APRIL 23 2018.........SUNRISE   623 AM PDT   SUNSET   751 PM PDT


-  INDICATES NEGATIVE NUMBERS.
R  INDICATES RECORD WAS SET OR TIED.
MM INDICATES DATA IS MISSING.
T  INDICATES TRACE AMOUNT.




$$
