000
CDUS44 KOUN 252210
CLIOKC

CLIMATE REPORT
NATIONAL WEATHER SERVICE NORMAN OK
509 PM CDT FRI MAY 25 2018


...................................

...THE OKLAHOMA CITY CLIMATE SUMMARY FOR MAY 25 2018...
VALID TODAY AS OF 0500 PM LOCAL TIME.

CLIMATE NORMAL PERIOD 1981 TO 2010
CLIMATE RECORD PERIOD 1890 TO 2018


WEATHER ITEM   OBSERVED TIME   RECORD YEAR NORMAL DEPARTURE LAST
                VALUE   (LST)  VALUE       VALUE  FROM      YEAR
                                                  NORMAL
..................................................................
TEMPERATURE (F)
 TODAY
  MAXIMUM         84    219 PM  96    2006  82      2       87
  MINIMUM         63    823 AM  45    2001  62      1       52
  AVERAGE         74                        72      2       70

PRECIPITATION (IN)
  TODAY            1.08          1.49 1968   0.14   0.94     0.00
  MONTH TO DATE    4.25                      3.67   0.58     1.10
  SINCE MAR 1      7.14                      9.80  -2.66     9.97
  SINCE JAN 1      9.97                     12.77  -2.80    14.66

SNOWFALL (IN)
  TODAY            0.0           0.0    MM   0.0    0.0      0.0
  MONTH TO DATE    0.0                       0.0    0.0      0.0
  SINCE MAR 1      T                         0.9   -0.9       T
  SINCE JUL 1      0.4                       7.6   -7.2      2.1

DEGREE DAYS
 HEATING
  TODAY            0                         0      0        0
  MONTH TO DATE    0                        31    -31       49
  SINCE MAR 1    690                       613     77      481
  SINCE JUL 1   3559                      3363    196     2701

 COOLING
  TODAY            9                         8      1        5
  MONTH TO DATE  210                       132     78       65
  SINCE MAR 1    240                       197     43      156
  SINCE JAN 1    244                       198     46      165
..................................................................


WIND (MPH)
  HIGHEST WIND SPEED    25   HIGHEST WIND DIRECTION     N (360)
  HIGHEST GUST SPEED    32   HIGHEST GUST DIRECTION     N (360)
  AVERAGE WIND SPEED    11.2


SKY COVER
  AVERAGE SKY COVER 0.6


WEATHER CONDITIONS
 THE FOLLOWING WEATHER WAS RECORDED TODAY.
  THUNDERSTORM
  HEAVY RAIN
  RAIN
  LIGHT RAIN
  FOG


RELATIVE HUMIDITY (PERCENT)
 HIGHEST   100           700 AM
 LOWEST     51           200 PM
 AVERAGE    76

..........................................................


THE OKLAHOMA CITY CLIMATE NORMALS FOR TOMORROW
                         NORMAL    RECORD    YEAR
 MAXIMUM TEMPERATURE (F)   83        96      1953
 MINIMUM TEMPERATURE (F)   63        45      1901


SUNRISE AND SUNSET
MAY 25 2018...........SUNRISE   620 AM CDT   SUNSET   836 PM CDT
MAY 26 2018...........SUNRISE   619 AM CDT   SUNSET   836 PM CDT


-  INDICATES NEGATIVE NUMBERS.
R  INDICATES RECORD WAS SET OR TIED.
MM INDICATES DATA IS MISSING.
T  INDICATES TRACE AMOUNT.




$$
