000
CDUS43 KOAX 250638
CLIOMA


CLIMATE REPORT
NATIONAL WEATHER SERVICE OMAHA NEBRASKA
136 AM CDT WED APR 25 2018


...................................

...THE OMAHA EPPLEY, NEBRASKA CLIMATE SUMMARY FOR APRIL 24 2018...

CLIMATE NORMAL PERIOD 1981 TO 2010
CLIMATE RECORD PERIOD 1871 TO 2018


WEATHER ITEM   OBSERVED TIME   RECORD YEAR NORMAL DEPARTURE LAST
                VALUE   (LST)  VALUE       VALUE  FROM      YEAR
                                                  NORMAL
..................................................................
TEMPERATURE (F)
 YESTERDAY
  MAXIMUM         77    131 PM  92    1989  67     10       76
  MINIMUM         38    527 AM  26    1956  43     -5       53
                                      1873
  AVERAGE         58                        55      3       65

PRECIPITATION (IN)
  YESTERDAY        0.04          1.72 2007   0.12  -0.08     0.00
  MONTH TO DATE    0.14                      2.24  -2.10     0.93
  SINCE MAR 1      2.96                      4.23  -1.27     3.32
  SINCE JAN 1      4.70                      5.80  -1.10     5.22

SNOWFALL (IN)
  YESTERDAY        0.0                       0.0    0.0      0.0
  MONTH TO DATE    1.5                       0.9    0.6      0.0
  SINCE JUL 1     17.0                      26.3   -9.3     11.4
  SNOW DEPTH       0

DEGREE DAYS
 HEATING
  YESTERDAY        7                        11     -4        0
  MONTH TO DATE  563                       355    208      199
  SINCE MAR 1   1319                      1146    173      862
  SINCE JUL 1   5966                      5944     22     4689

 COOLING
  YESTERDAY        0                         1     -1        0
  MONTH TO DATE    0                         8     -8        8
  SINCE MAR 1      0                         9     -9        8
  SINCE JAN 1      0                         9     -9        8
..................................................................


WIND (MPH)
  HIGHEST WIND SPEED    26   HIGHEST WIND DIRECTION    NW (310)
  HIGHEST GUST SPEED    33   HIGHEST GUST DIRECTION    NW (310)
  AVERAGE WIND SPEED     9.3


SKY COVER
  POSSIBLE SUNSHINE  MM
  AVERAGE SKY COVER 0.7


WEATHER CONDITIONS
 THE FOLLOWING WEATHER WAS RECORDED YESTERDAY.
  LIGHT RAIN
  FOG


RELATIVE HUMIDITY (PERCENT)
 HIGHEST    93           700 PM
 LOWEST     23           100 PM
 AVERAGE    58

..........................................................


THE OMAHA EPPLEY, NEBRASKA CLIMATE NORMALS FOR TODAY
                         NORMAL    RECORD    YEAR
 MAXIMUM TEMPERATURE (F)   67        91      2012
                                             1954
 MINIMUM TEMPERATURE (F)   44        27      1873


SUNRISE AND SUNSET
APRIL 25 2018.........SUNRISE   629 AM CDT   SUNSET   815 PM CDT
APRIL 26 2018.........SUNRISE   628 AM CDT   SUNSET   816 PM CDT


-  INDICATES NEGATIVE NUMBERS.
R  INDICATES RECORD WAS SET OR TIED.
MM INDICATES DATA IS MISSING.
T  INDICATES TRACE AMOUNT.




$$
