000
CDUS41 KAKQ 210730
CLIORF


CLIMATE REPORT
NATIONAL WEATHER SERVICE WAKEFIELD, VA
329 AM EDT MON MAY 21 2018


...................................

...THE NORFOLK VA CLIMATE SUMMARY FOR MAY 20 2018...

CLIMATE NORMAL PERIOD 1981 TO 2010
CLIMATE RECORD PERIOD 1871 TO 2018


WEATHER ITEM   OBSERVED TIME   RECORD YEAR NORMAL DEPARTURE LAST
                VALUE   (LST)  VALUE       VALUE  FROM      YEAR
                                                  NORMAL
..................................................................
TEMPERATURE (F)
 YESTERDAY
  MAXIMUM         86    423 PM  98    1996  76     10       79
  MINIMUM         72   1204 AM  45    1882  59     13       60
  AVERAGE         79                        68     11       70

PRECIPITATION (IN)
  YESTERDAY        T             1.98 1929   0.11  -0.11     0.00
  MONTH TO DATE    5.39                      2.09   3.30     3.98
  SINCE MAR 1     12.68                      9.18   3.50    12.17
  SINCE JAN 1     17.92                     15.70   2.22    17.24

SNOWFALL (IN)
  YESTERDAY        0.0           0.0  2002   0.0    0.0
                                      2001
  MONTH TO DATE    0.0                       0.0    0.0
  SINCE NOV 1     15.1                       5.8    9.3
  SINCE JUL 1     15.1                       5.8    9.3
  SNOW DEPTH       0

DEGREE DAYS
 HEATING
  YESTERDAY        0                         2     -2        0
  MONTH TO DATE   15                        59    -44       40
  SINCE MAR 1    835                       790     45      606
  SINCE JUL 1   3189                      3359   -170     2658

 COOLING
  YESTERDAY       14                         4     10        5
  MONTH TO DATE  157                        60     97       91
  SINCE MAR 1    191                       103     88      251
  SINCE JAN 1    206                       104    102      254
..................................................................


WIND (MPH)
  HIGHEST WIND SPEED    24   HIGHEST WIND DIRECTION     S (200)
  HIGHEST GUST SPEED    30   HIGHEST GUST DIRECTION    SW (210)
  AVERAGE WIND SPEED    12.2


SKY COVER
  POSSIBLE SUNSHINE  MM
  AVERAGE SKY COVER 0.5


WEATHER CONDITIONS
 THE FOLLOWING WEATHER WAS RECORDED YESTERDAY.
  LIGHT RAIN
  FOG
  HAZE


RELATIVE HUMIDITY (PERCENT)
 HIGHEST    93          1200 AM
 LOWEST     61           300 PM
 AVERAGE    77

..........................................................


THE NORFOLK VA CLIMATE NORMALS FOR TODAY
                         NORMAL    RECORD    YEAR
 MAXIMUM TEMPERATURE (F)   77        94      1996
                                             1877
 MINIMUM TEMPERATURE (F)   59        45      1956


SUNRISE AND SUNSET
MAY 21 2018...........SUNRISE   553 AM EDT   SUNSET   811 PM EDT
MAY 22 2018...........SUNRISE   552 AM EDT   SUNSET   811 PM EDT


-  INDICATES NEGATIVE NUMBERS.
R  INDICATES RECORD WAS SET OR TIED.
MM INDICATES DATA IS MISSING.
T  INDICATES TRACE AMOUNT.




$$
