000
CDUS44 KLZK 272109
CLIPBF


CLIMATE REPORT
NATIONAL WEATHER SERVICE LITTLE ROCK AR
408 PM CDT SUN MAY 27 2018


...................................

...THE PINE BLUFF CLIMATE SUMMARY FOR MAY 27 2018...
VALID TODAY AS OF 0400 PM LOCAL TIME.

CLIMATE NORMAL PERIOD 1981 TO 2010
CLIMATE RECORD PERIOD 1883 TO 2018


WEATHER ITEM   OBSERVED TIME   RECORD YEAR NORMAL DEPARTURE LAST
                VALUE   (LST)  VALUE       VALUE  FROM      YEAR
                                                  NORMAL
..................................................................
TEMPERATURE (F)
 TODAY
  MAXIMUM         89    241 PM  97    1918  85      4       89
  MINIMUM         66    503 AM  45    1901  65      1       74
  AVERAGE         78                        75      3       82

PRECIPITATION (IN)
  TODAY            0.00          1.65 1924   0.15  -0.15     0.00
  MONTH TO DATE    2.36                      4.42  -2.06     6.42
  SINCE MAR 1     16.18                     14.75   1.43    16.86
  SINCE JAN 1     34.00                     22.57  11.43    23.16

SNOWFALL (IN)
  TODAY            0.0          MM      MM   0.0    0.0      0.0
  MONTH TO DATE    0.0                       0.0    0.0      0.0
  SINCE MAR 1      T                         0.0    0.0      0.0
  SINCE JUL 1      4.1                       3.1    1.0      1.5
  SNOW DEPTH       0

DEGREE DAYS
 HEATING
  TODAY            0                         0      0        0
  MONTH TO DATE    0                        15    -15       24
  SINCE MAR 1    486                       491     -5      323
  SINCE JUL 1   2900                      2879     21     2034

 COOLING
  TODAY           13                        10      3       17
  MONTH TO DATE  316                       180    136      142
  SINCE MAR 1    356                       264     92      280
  SINCE JAN 1    372                       267    105      301
..................................................................


WIND (MPH)
  HIGHEST WIND SPEED    10   HIGHEST WIND DIRECTION     E (110)
  HIGHEST GUST SPEED    13   HIGHEST GUST DIRECTION     E (70)
  AVERAGE WIND SPEED     3.1


SKY COVER
  POSSIBLE SUNSHINE  MM
  AVERAGE SKY COVER 0.1


WEATHER CONDITIONS
 THE FOLLOWING WEATHER WAS RECORDED TODAY.
  FOG


RELATIVE HUMIDITY (PERCENT)
 HIGHEST    97           700 AM
 LOWEST     53           200 PM
 AVERAGE    75

..........................................................


THE PINE BLUFF CLIMATE NORMALS FOR TOMORROW
                         NORMAL    RECORD    YEAR
 MAXIMUM TEMPERATURE (F)   85        99      1926
 MINIMUM TEMPERATURE (F)   65        47      1961


SUNRISE AND SUNSET
MAY 27 2018...........SUNRISE   559 AM CDT   SUNSET   811 PM CDT
MAY 28 2018...........SUNRISE   558 AM CDT   SUNSET   812 PM CDT


-  INDICATES NEGATIVE NUMBERS.
R  INDICATES RECORD WAS SET OR TIED.
MM INDICATES DATA IS MISSING.
T  INDICATES TRACE AMOUNT.




$$
