000
CDUS45 KPSR 190819
CLIPHX

CLIMATE REPORT
NATIONAL WEATHER SERVICE PHOENIX AZ
118 AM MST THU APR 19 2018


...................................

...THE PHOENIX AZ CLIMATE SUMMARY FOR APRIL 18 2018...

CLIMATE NORMAL PERIOD 1981 TO 2010
CLIMATE RECORD PERIOD 1895 TO 2018


WEATHER ITEM   OBSERVED TIME   RECORD YEAR NORMAL DEPARTURE LAST
                VALUE   (LST)  VALUE       VALUE  FROM      YEAR
                                                  NORMAL
..................................................................
TEMPERATURE (F)
 YESTERDAY
  MAXIMUM         83    456 PM 100    1989  86     -3       95
                                      1962
  MINIMUM         54    558 AM  38    1896  61     -7       65
  AVERAGE         69                        73     -4       80

PRECIPITATION (IN)
  YESTERDAY        0.00          0.21 1917   0.00   0.00     0.00
  MONTH TO DATE    0.00                      0.22  -0.22      T
  SINCE OCT 1      1.00                      5.15  -4.15     4.23
  SINCE JAN 1      0.77                      3.04  -2.27     2.40

SNOWFALL (IN)
  YESTERDAY        0.0
  MONTH TO DATE    0.0
  SINCE JAN 1      0.0
  SINCE JUL 1      0.0
  SNOW DEPTH       0

DEGREE DAYS
 HEATING
  YESTERDAY        0                         0      0        0
  MONTH TO DATE    0                        17    -17        2
  SINCE MAR 1     35                        98    -63       25
  SINCE JUL 1    499                       931   -432      693

 COOLING
  YESTERDAY        4                         9     -5       15
  MONTH TO DATE  207                       123     84      161
  SINCE MAR 1    307                       210     97      366
  SINCE JAN 1    329                       227    102      386
..................................................................


WIND (MPH)
  HIGHEST WIND SPEED    13   HIGHEST WIND DIRECTION     S (180)
  HIGHEST GUST SPEED    17   HIGHEST GUST DIRECTION     S (160)
  AVERAGE WIND SPEED     6.0


SKY COVER
  AVERAGE SKY COVER 0.1


WEATHER CONDITIONS
 THE FOLLOWING WEATHER WAS RECORDED YESTERDAY.
  NO SIGNIFICANT WEATHER WAS OBSERVED.


RELATIVE HUMIDITY (PERCENT)
 HIGHEST    23           200 AM
 LOWEST      6           200 PM
 AVERAGE    15

..........................................................


THE PHOENIX AZ CLIMATE NORMALS FOR TODAY
                         NORMAL    RECORD    YEAR
 MAXIMUM TEMPERATURE (F)   86       103      1989
 MINIMUM TEMPERATURE (F)   61        37      1968


SUNRISE AND SUNSET
APRIL 19 2018.........SUNRISE   553 AM MST   SUNSET   702 PM MST
APRIL 20 2018.........SUNRISE   552 AM MST   SUNSET   703 PM MST


-  INDICATES NEGATIVE NUMBERS.
R  INDICATES RECORD WAS SET OR TIED.
MM INDICATES DATA IS MISSING.
T  INDICATES TRACE AMOUNT.

&&
.....................................................................

DEW POINT
  HIGHEST DEW POINT    24
   LOWEST DEW POINT    7
  AVERAGE DEW POINT    13
.....................................................................

$$
