000
CDUS43 KILX 242139
CLIPIA


CLIMATE REPORT
NATIONAL WEATHER SERVICE LINCOLN IL
438 PM CDT THU MAY 24 2018


...................................

...THE PEORIA IL CLIMATE SUMMARY FOR MAY 24 2018...
VALID TODAY AS OF 0400 PM LOCAL TIME.

CLIMATE NORMAL PERIOD 1981 TO 2010
CLIMATE RECORD PERIOD 1883 TO 2018


WEATHER ITEM   OBSERVED TIME   RECORD YEAR NORMAL DEPARTURE LAST
                VALUE   (LST)  VALUE       VALUE  FROM      YEAR
                                                  NORMAL
..................................................................
TEMPERATURE (F)
 TODAY
  MAXIMUM         88    259 PM  93    1939  76     12       65
                                      1921
  MINIMUM         63    453 AM  34    1925  54      9       51
  AVERAGE         76                        65     11       58

PRECIPITATION (IN)
  TODAY            0.00          1.51 1995   0.14  -0.14     0.00
  MONTH TO DATE    2.14                      3.41  -1.27     2.76
  SINCE MAR 1      7.59                      9.84  -2.25    14.97
  SINCE JAN 1     14.01                     13.41   0.60    17.63

SNOWFALL (IN)
  TODAY            0.0           0.0    MM   0.0    0.0      0.0
  MONTH TO DATE    0.0                       0.0    0.0      0.0
  SINCE MAR 1     11.8                       3.3    8.5      4.2
  SINCE JUL 1     32.1                      24.6    7.5     13.9
  SNOW DEPTH       0

DEGREE DAYS
 HEATING
  TODAY            0                         3     -3        7
  MONTH TO DATE    7                       130   -123      147
  SINCE MAR 1   1409                      1279    130     1091
  SINCE JUL 1   5769                      5795    -26     4698

 COOLING
  TODAY           11                         3      8        0
  MONTH TO DATE  119                        42     77       50
  SINCE MAR 1    121                        56     65       68
  SINCE JAN 1    121                        56     65       68
..................................................................


WIND (MPH)
  HIGHEST WIND SPEED    13   HIGHEST WIND DIRECTION     S (190)
  HIGHEST GUST SPEED    18   HIGHEST GUST DIRECTION     S (190)
  AVERAGE WIND SPEED     5.7


SKY COVER
  POSSIBLE SUNSHINE  MM
  AVERAGE SKY COVER 0.0


WEATHER CONDITIONS
 THE FOLLOWING WEATHER WAS RECORDED TODAY.
  NO SIGNIFICANT WEATHER WAS OBSERVED.


RELATIVE HUMIDITY (PERCENT)
 HIGHEST    73          1200 AM
 LOWEST     40           200 PM
 AVERAGE    57

..........................................................


THE PEORIA IL CLIMATE NORMALS FOR TOMORROW
                         NORMAL    RECORD    YEAR
 MAXIMUM TEMPERATURE (F)   76        93      1911
 MINIMUM TEMPERATURE (F)   54        30      1925


SUNRISE AND SUNSET
MAY 24 2018...........SUNRISE   534 AM CDT   SUNSET   817 PM CDT
MAY 25 2018...........SUNRISE   534 AM CDT   SUNSET   818 PM CDT


-  INDICATES NEGATIVE NUMBERS.
R  INDICATES RECORD WAS SET OR TIED.
MM INDICATES DATA IS MISSING.
T  INDICATES TRACE AMOUNT.




$$
