000
CDUS41 KPBZ 202143
CLIPIT

CLIMATE REPORT
NATIONAL WEATHER SERVICE PITTSBURGH PA
541 PM EDT FRI APR 20 2018

...................................

...THE PITTSBURGH PA CLIMATE SUMMARY FOR APRIL 20 2018...
VALID TODAY AS OF 0500 PM LOCAL TIME.

CLIMATE NORMAL PERIOD 1981 TO 2010
CLIMATE RECORD PERIOD 1871 TO 2018

WEATHER ITEM   OBSERVED TIME   RECORD YEAR NORMAL DEPARTURE LAST
                VALUE   (LST)  VALUE       VALUE  FROM      YEAR
                                                  NORMAL
..................................................................
TEMPERATURE (F)
 TODAY
  MAXIMUM         53    359 PM  86    1941  64    -11       77
  MINIMUM         27    429 AM  25    1997  42    -15       59
                                      1926
                                      1904
  AVERAGE         40                        53    -13       68

PRECIPITATION (IN)
  TODAY            0.00          2.24 1901   0.10  -0.10     0.28
  MONTH TO DATE    3.93                      2.08   1.85     2.31
  SINCE JUN 1     41.65                     33.21   8.44    33.72
  SINCE JAN 1     18.21                     10.12   8.09    12.33

SNOWFALL (IN)
  TODAY            0.0           0.9  1953   0.1   -0.1      0.0
  MONTH TO DATE    7.3                       1.4    5.9       T
  SINCE OCT 1     59.8                      41.8   18.0     32.0
  SINCE JUL 1     59.8                      41.8   18.0     32.0
  SNOW DEPTH       0

DEGREE DAYS
 HEATING
  TODAY           25                        13     12        0
  MONTH TO DATE  423                       319    104      190
  SINCE MAR 1   1349                      1107    242      963
  SINCE JUL 1   5357                      5364     -7     4389

 COOLING
  TODAY            0                         0      0        3
  MONTH TO DATE   12                         0     12       12
  SINCE MAR 1     12                         1     11       14
  SINCE JAN 1     16                         1     15       15
..................................................................

WIND (MPH)
  HIGHEST WIND SPEED    21   HIGHEST WIND DIRECTION    NW (320)
  HIGHEST GUST SPEED    27   HIGHEST GUST DIRECTION    NW (300)
  AVERAGE WIND SPEED    10.9


SKY COVER
  POSSIBLE SUNSHINE  MM
  AVERAGE SKY COVER 0.0


WEATHER CONDITIONS
 THE FOLLOWING WEATHER WAS RECORDED TODAY.
  NO SIGNIFICANT WEATHER WAS OBSERVED.


RELATIVE HUMIDITY (PERCENT)
 HIGHEST    75           300 AM
 LOWEST     26           400 PM
 AVERAGE    51

..........................................................


THE PITTSBURGH PA CLIMATE NORMALS FOR TOMORROW
                         NORMAL    RECORD    YEAR
 MAXIMUM TEMPERATURE (F)   64        85      1985
 MINIMUM TEMPERATURE (F)   42        22      1875


SUNRISE AND SUNSET
APRIL 20 2018.........SUNRISE   635 AM EDT   SUNSET   805 PM EDT
APRIL 21 2018.........SUNRISE   634 AM EDT   SUNSET   806 PM EDT


-  INDICATES NEGATIVE NUMBERS.
R  INDICATES RECORD WAS SET OR TIED.
MM INDICATES DATA IS MISSING.
T  INDICATES TRACE AMOUNT.

&&

&&

SNOW DEPTH IS MEASURED AT 7 AM EST OR 8 AM EDT.

SNOW DEPTH IS MEASURED AT 8 AM EDT.

$$
$$
