000
CDUS46 KPDT 270902 RRB
CLIPSC

CLIMATE REPORT
NATIONAL WEATHER SERVICE PENDLETON OR
200 AM PDT SUN MAY 27 2018


...................................

...THE PASCO WA CLIMATE SUMMARY FOR MAY 26 2018...

CLIMATE NORMAL PERIOD 1981 TO 2010
CLIMATE RECORD PERIOD 1948 TO 2018


WEATHER ITEM   OBSERVED TIME   RECORD YEAR NORMAL DEPARTURE LAST
                VALUE   (LST)  VALUE       VALUE  FROM      YEAR
                                                  NORMAL
..................................................................
TEMPERATURE (F)
 YESTERDAY
  MAXIMUM         79    511 PM 100    1947  78      1       84
                                      1936
  MINIMUM         55   1149 PM  35    1999  49      6       41
  AVERAGE         67                        64      3       63

PRECIPITATION (IN)
  YESTERDAY        0.00          0.42 1980   0.03  -0.03     0.00
  MONTH TO DATE    0.76                      0.57   0.19     0.48
  SINCE OCT 1      6.69                      7.04  -0.35     9.44
  SINCE JAN 1      3.97                      4.09  -0.12     5.67

SNOWFALL (IN)
  YESTERDAY        0.0
  SNOW DEPTH       0

DEGREE DAYS
 HEATING
  YESTERDAY        0                         3     -3        2
  MONTH TO DATE   30                       151   -121      154
  SINCE MAR 1   1001                      1092    -91     1059
  SINCE JUL 1   4704                      4975   -271     5381

 COOLING
  YESTERDAY        2                         2      0        0
  MONTH TO DATE   81                        22     59       19
  SINCE MAR 1     82                        23     59       19
  SINCE JAN 1     82                        23     59       19
..................................................................


WIND (MPH)
  RESULTANT WIND SPEED   8   RESULTANT WIND DIRECTION  SW (210)
  HIGHEST WIND SPEED    20   HIGHEST WIND DIRECTION     S (200)
  HIGHEST GUST SPEED    23   HIGHEST GUST DIRECTION    SW (210)


SKY COVER
  POSSIBLE SUNSHINE  MM
  AVERAGE SKY COVER 0.2


WEATHER CONDITIONS
 THE FOLLOWING WEATHER WAS RECORDED YESTERDAY.
  NO SIGNIFICANT WEATHER WAS OBSERVED.


RELATIVE HUMIDITY (PERCENT)
 HIGHEST    77
 LOWEST     28
 AVERAGE    53

..........................................................


THE PASCO WA CLIMATE NORMALS FOR TODAY
                         NORMAL    RECORD    YEAR
 MAXIMUM TEMPERATURE (F)   78        96      1944
 MINIMUM TEMPERATURE (F)   50        35      1918


SUNRISE AND SUNSET
MAY 27 2018...........SUNRISE   512 AM PDT   SUNSET   836 PM PDT
MAY 28 2018...........SUNRISE   511 AM PDT   SUNSET   837 PM PDT


-  INDICATES NEGATIVE NUMBERS.
R  INDICATES RECORD WAS SET OR TIED.
MM INDICATES DATA IS MISSING.
T  INDICATES TRACE AMOUNT.

$$
