000
CDUS46 KSGX 280022
CLIPSP


CLIMATE REPORT
NATIONAL WEATHER SERVICE SAN DIEGO, CA
522 PM PDT SUN MAY 27 2018


...................................

...THE PALM SPRINGS INTL AIRPORT CA CLIMATE SUMMARY FOR MAY 27 2018...
VALID TODAY AS OF 0500 PM LOCAL TIME.

CLIMATE NORMAL PERIOD 1981 TO 2010
CLIMATE RECORD PERIOD 1893 TO 2018


WEATHER ITEM   OBSERVED TIME   RECORD YEAR NORMAL DEPARTURE LAST
                VALUE   (LST)  VALUE       VALUE  FROM      YEAR
                                                  NORMAL
..................................................................
TEMPERATURE (F)
 TODAY
  MAXIMUM         97    211 PM 112    1968  97      0       97
  MINIMUM         64    435 AM  48    1953  67     -3       64
  AVERAGE         81                        82     -1       81

PRECIPITATION (IN)
  TODAY            0.00          0.11 1981   0.00   0.00     0.00
  MONTH TO DATE    T                         0.12  -0.12      T
  SINCE OCT 1      1.69                      4.72  -3.03     6.97
  SINCE JAN 1      1.69                      2.87  -1.18     5.18

DEGREE DAYS
 HEATING
  TODAY            0                         0      0        0
  MONTH TO DATE    0                         0      0        5
  SINCE MAR 1     42                        94    -52       24
  SINCE JUL 1    335                       872   -537      684

 COOLING
  TODAY           16                        17     -1       16
  MONTH TO DATE  386                       369     17      400
  SINCE MAR 1    873                       662    211      995
  SINCE JAN 1    986                       689    297     1040
..................................................................


WIND (MPH)
  RESULTANT WIND SPEED   9   RESULTANT WIND DIRECTION  NW (310)
  HIGHEST WIND SPEED    21   HIGHEST WIND DIRECTION    NW (330)
  HIGHEST GUST SPEED    27   HIGHEST GUST DIRECTION    NW (310)
  AVERAGE WIND SPEED    10.0


SKY COVER
  POSSIBLE SUNSHINE  MM
  AVERAGE SKY COVER 0.0


WEATHER CONDITIONS
 THE FOLLOWING WEATHER WAS RECORDED TODAY.
  NO SIGNIFICANT WEATHER WAS OBSERVED.


RELATIVE HUMIDITY (PERCENT)
 HIGHEST    48           400 AM
 LOWEST     12           200 PM
 AVERAGE    30

..........................................................


THE PALM SPRINGS INTL AIRPORT CA CLIMATE NORMALS FOR TOMORROW
                         NORMAL    RECORD    YEAR
 MAXIMUM TEMPERATURE (F)   97       116      1983
 MINIMUM TEMPERATURE (F)   67        49      1929


SUNRISE AND SUNSET
MAY 27 2018...........SUNRISE   538 AM PDT   SUNSET   749 PM PDT
MAY 28 2018...........SUNRISE   538 AM PDT   SUNSET   749 PM PDT


-  INDICATES NEGATIVE NUMBERS.
R  INDICATES RECORD WAS SET OR TIED.
MM INDICATES DATA IS MISSING.
T  INDICATES TRACE AMOUNT.




$$
