000
CDUS41 KBOX 250557
CLIPVD


CLIMATE REPORT
NATIONAL WEATHER SERVICE BOSTON/NORTON MA
152 AM EDT FRI MAY 25 2018


...................................

...THE PROVIDENCE RI CLIMATE SUMMARY FOR MAY 24 2018...

CLIMATE NORMAL PERIOD 1981 TO 2010
CLIMATE RECORD PERIOD 1904 TO 2018


WEATHER ITEM   OBSERVED TIME   RECORD YEAR NORMAL DEPARTURE LAST
                VALUE   (LST)  VALUE       VALUE  FROM      YEAR
                                                  NORMAL
..................................................................
TEMPERATURE (F)
 YESTERDAY
  MAXIMUM         77   1207 PM  92    1964  71      6       70
                                      1936
  MINIMUM         51   1159 PM  38    1967  51      0       53
  AVERAGE         64                        61      3       62

PRECIPITATION (IN)
  YESTERDAY        0.00          1.70 2001   0.14  -0.14      T
  MONTH TO DATE    1.88                      2.68  -0.80     5.30
  SINCE MAR 1     12.57                     12.05   0.52    16.25
  SINCE JAN 1     24.51                     19.20   5.31    23.43

SNOWFALL (IN)
  YESTERDAY        0.0           0.0  2001   0.0    0.0      0.0
                                      2000
  MONTH TO DATE    0.0                       0.0    0.0      0.0
  SINCE MAR 1     16.7                       6.1   10.6      7.7
  SINCE JUL 1     50.6                      33.8   16.8     45.9
  SNOW DEPTH       0

DEGREE DAYS
 HEATING
  YESTERDAY        1                         5     -4        3
  MONTH TO DATE  110                       194    -84      195
  SINCE MAR 1   1488                      1482      6     1498
  SINCE JUL 1   5151                      5544   -393     5056

 COOLING
  YESTERDAY        0                         1     -1        0
  MONTH TO DATE   39                        11     28       41
  SINCE MAR 1     39                        13     26       58
  SINCE JAN 1     39                        13     26       58
..................................................................


WIND (MPH)
  RESULTANT WIND SPEED   3   RESULTANT WIND DIRECTION  SE (140)
  HIGHEST WIND SPEED    22   HIGHEST WIND DIRECTION     S (170)
  HIGHEST GUST SPEED    26   HIGHEST GUST DIRECTION     S (170)
  AVERAGE WIND SPEED    10.6


SKY COVER
  POSSIBLE SUNSHINE  MM
  AVERAGE SKY COVER 0.3


WEATHER CONDITIONS
 THE FOLLOWING WEATHER WAS RECORDED YESTERDAY.
  NO SIGNIFICANT WEATHER WAS OBSERVED.


RELATIVE HUMIDITY (PERCENT)
 HIGHEST    96          1000 PM
 LOWEST     25          1000 AM
 AVERAGE    61

..........................................................


THE PROVIDENCE RI CLIMATE NORMALS FOR TODAY
                         NORMAL    RECORD    YEAR
 MAXIMUM TEMPERATURE (F)   71        93      2007
 MINIMUM TEMPERATURE (F)   51        33      1956


SUNRISE AND SUNSET
MAY 25 2018...........SUNRISE   518 AM EDT   SUNSET   808 PM EDT
MAY 26 2018...........SUNRISE   517 AM EDT   SUNSET   809 PM EDT


-  INDICATES NEGATIVE NUMBERS.
R  INDICATES RECORD WAS SET OR TIED.
MM INDICATES DATA IS MISSING.
T  INDICATES TRACE AMOUNT.




$$
