000
CDUS41 KGYX 240815
CLIPWM


CLIMATE REPORT
NATIONAL WEATHER SERVICE GRAY ME
415 AM EDT TUE APR 24 2018


...................................

...THE PORTLAND ME CLIMATE SUMMARY FOR APRIL 23 2018...

CLIMATE NORMAL PERIOD 1981 TO 2010
CLIMATE RECORD PERIOD 1941 TO 2018


WEATHER ITEM   OBSERVED TIME   RECORD YEAR NORMAL DEPARTURE LAST
                VALUE   (LST)  VALUE       VALUE  FROM      YEAR
                                                  NORMAL
..................................................................
TEMPERATURE (F)
 YESTERDAY
  MAXIMUM         62   1119 AM  81    2007  56      6       60
  MINIMUM         32    130 AM  22    1947  37     -5       34
  AVERAGE         47                        47      0       47

PRECIPITATION (IN)
  YESTERDAY        0.00          3.13 2012   0.14  -0.14     0.00
  MONTH TO DATE    3.87                      3.31   0.56     4.55
  SINCE MAR 1      7.07                      7.55  -0.48     8.05
  SINCE JAN 1     14.70                     14.18   0.52    16.25

SNOWFALL (IN)
  YESTERDAY        0.0           6.1  1956   0.0    0.0      0.0
  MONTH TO DATE    0.7                       2.6   -1.9      7.9
  SINCE MAR 1     33.7                      15.3   18.4     29.1
  SINCE JUL 1     91.9                      61.7   30.2     95.3
  SNOW DEPTH       0

DEGREE DAYS
 HEATING
  YESTERDAY       18                        18      0       18
  MONTH TO DATE  587                       510     77      454
  SINCE MAR 1   1543                      1486     57     1568
  SINCE JUL 1   6247                      6528   -281     6046

 COOLING
  YESTERDAY        0                         0      0        0
  MONTH TO DATE    0                         0      0        2
  SINCE MAR 1      0                         0      0        2
  SINCE JAN 1      0                         0      0        2
..................................................................


WIND (MPH)
  RESULTANT WIND SPEED   6   RESULTANT WIND DIRECTION   S (190)
  HIGHEST WIND SPEED    21   HIGHEST WIND DIRECTION     S (180)
  HIGHEST GUST SPEED    29   HIGHEST GUST DIRECTION     S (170)
  AVERAGE WIND SPEED     8.4


SKY COVER
  AVERAGE SKY COVER 0.1


WEATHER CONDITIONS
 THE FOLLOWING WEATHER WAS RECORDED YESTERDAY.
  NO SIGNIFICANT WEATHER WAS OBSERVED.


RELATIVE HUMIDITY (PERCENT)
 HIGHEST    64           500 AM
 LOWEST     16          1100 AM
 AVERAGE    40

..........................................................


THE PORTLAND ME CLIMATE NORMALS FOR TODAY
                         NORMAL    RECORD    YEAR
 MAXIMUM TEMPERATURE (F)   57        75      2001
                                             1994
 MINIMUM TEMPERATURE (F)   37        25      1945


SUNRISE AND SUNSET
APRIL 24 2018.........SUNRISE   544 AM EDT   SUNSET   735 PM EDT
APRIL 25 2018.........SUNRISE   543 AM EDT   SUNSET   737 PM EDT


-  INDICATES NEGATIVE NUMBERS.
R  INDICATES RECORD WAS SET OR TIED.
MM INDICATES DATA IS MISSING.
T  INDICATES TRACE AMOUNT.




$$
