000
CDUS46 KSGX 280022
CLIRAL


CLIMATE REPORT
NATIONAL WEATHER SERVICE SAN DIEGO, CA
522 PM PDT SUN MAY 27 2018


...................................

...THE RIVERSIDE MUNI AIRPORT CA CLIMATE SUMMARY FOR MAY 27 2018...
VALID TODAY AS OF 0500 PM LOCAL TIME.

CLIMATE NORMAL PERIOD 1981 TO 2010
CLIMATE RECORD PERIOD 1893 TO 2018


WEATHER ITEM   OBSERVED TIME   RECORD YEAR NORMAL DEPARTURE LAST
                VALUE   (LST)  VALUE       VALUE  FROM      YEAR
                                                  NORMAL
..................................................................
TEMPERATURE (F)
 TODAY
  MAXIMUM         80    254 PM 102    2000  81     -1       79
  MINIMUM         54    234 AM  38    1953  57     -3       56
  AVERAGE         67                        69     -2       68

PRECIPITATION (IN)
  TODAY            0.00          0.12 1905   0.00   0.00     0.00
  MONTH TO DATE    0.15                      0.30  -0.15     0.02
  SINCE OCT 1      4.23                     11.90  -7.67    13.21
  SINCE JAN 1      4.20                      9.09  -4.89     7.95

DEGREE DAYS
 HEATING
  TODAY            0                         0      0        0
  MONTH TO DATE   35                        22     13       41
  SINCE MAR 1    267                       334    -67      170
  SINCE JUL 1    827                      1442   -615     1134

 COOLING
  TODAY            2                         5     -3        3
  MONTH TO DATE   64                        96    -32      123
  SINCE MAR 1    145                       150     -5      261
  SINCE JAN 1    181                       159     22      261
..................................................................


WIND (MPH)
  RESULTANT WIND SPEED   3   RESULTANT WIND DIRECTION   W (280)
  HIGHEST WIND SPEED    18   HIGHEST WIND DIRECTION     W (270)
  HIGHEST GUST SPEED    23   HIGHEST GUST DIRECTION     W (270)
  AVERAGE WIND SPEED     3.9


SKY COVER
  POSSIBLE SUNSHINE  MM
  AVERAGE SKY COVER 0.5


WEATHER CONDITIONS
 THE FOLLOWING WEATHER WAS RECORDED TODAY.
  NO SIGNIFICANT WEATHER WAS OBSERVED.


RELATIVE HUMIDITY (PERCENT)
 HIGHEST    93           100 AM
 LOWEST     33           300 PM
 AVERAGE    63

..........................................................


THE RIVERSIDE MUNI AIRPORT CA CLIMATE NORMALS FOR TOMORROW
                         NORMAL    RECORD    YEAR
 MAXIMUM TEMPERATURE (F)   81       106      1973
 MINIMUM TEMPERATURE (F)   57        41      1917


SUNRISE AND SUNSET
MAY 27 2018...........SUNRISE   542 AM PDT   SUNSET   753 PM PDT
MAY 28 2018...........SUNRISE   541 AM PDT   SUNSET   753 PM PDT


-  INDICATES NEGATIVE NUMBERS.
R  INDICATES RECORD WAS SET OR TIED.
MM INDICATES DATA IS MISSING.
T  INDICATES TRACE AMOUNT.




$$
