000
CDUS41 KPHI 220552
CLIRDG


CLIMATE REPORT
NATIONAL WEATHER SERVICE MOUNT HOLLY NJ
151 AM EDT SUN APR 22 2018


...................................

...THE READING PA CLIMATE SUMMARY FOR APRIL 21 2018...

CLIMATE NORMAL PERIOD 1981 TO 2010
CLIMATE RECORD PERIOD 1869 TO 2018


WEATHER ITEM   OBSERVED TIME   RECORD YEAR NORMAL DEPARTURE LAST
                VALUE   (LST)  VALUE       VALUE  FROM      YEAR
                                                  NORMAL
..................................................................
TEMPERATURE (F)
 YESTERDAY
  MAXIMUM         61    254 PM  90    1985  65     -4       64
  MINIMUM         29R   541 AM  29    1981  42    -13       54
  AVERAGE         45                        53     -8       59

PRECIPITATION (IN)
  YESTERDAY        0.00          1.36 1918   0.13  -0.13     0.24
  MONTH TO DATE    2.21                      2.74  -0.53     1.77
  SINCE MAR 1      4.89                      6.22  -1.33     5.79
  SINCE JAN 1     13.67                     11.75   1.92     9.18

DEGREE DAYS
 HEATING
  YESTERDAY       20                        12      8        6
  MONTH TO DATE  418                       317    101      182
  SINCE MAR 1   1242                      1060    182      976
  SINCE JUL 1   5031                      5102    -71     4338

 COOLING
  YESTERDAY        0                         0      0        0
  MONTH TO DATE   10                         0     10        7
  SINCE MAR 1     10                         0     10        7
  SINCE JAN 1     11                         0     11        7
..................................................................


WIND (MPH)
  HIGHEST WIND SPEED    15   HIGHEST WIND DIRECTION     W (270)
  HIGHEST GUST SPEED    20   HIGHEST GUST DIRECTION     W (260)
  AVERAGE WIND SPEED     4.7


SKY COVER
  POSSIBLE SUNSHINE  MM
  AVERAGE SKY COVER 0.0


WEATHER CONDITIONS
 THE FOLLOWING WEATHER WAS RECORDED YESTERDAY.
  NO SIGNIFICANT WEATHER WAS OBSERVED.


RELATIVE HUMIDITY (PERCENT)
 HIGHEST    85           500 AM
 LOWEST     26           500 PM
 AVERAGE    56

..........................................................


THE READING PA CLIMATE NORMALS FOR TODAY
                         NORMAL    RECORD    YEAR
 MAXIMUM TEMPERATURE (F)   65        91      1985
 MINIMUM TEMPERATURE (F)   43        26      1982
                                             1975


SUNRISE AND SUNSET
APRIL 22 2018.........SUNRISE   615 AM EDT   SUNSET   750 PM EDT
APRIL 23 2018.........SUNRISE   614 AM EDT   SUNSET   751 PM EDT


-  INDICATES NEGATIVE NUMBERS.
R  INDICATES RECORD WAS SET OR TIED.
MM INDICATES DATA IS MISSING.
T  INDICATES TRACE AMOUNT.




$$
