000
CDUS46 KBOI 190939
CLIREO


CLIMATE REPORT
NATIONAL WEATHER SERVICE BOISE ID
338 AM MDT THU APR 19 2018


...................................

...THE ROME OR CLIMATE SUMMARY FOR APRIL 18 2018...

CLIMATE NORMAL PERIOD 1981 TO 2010
CLIMATE RECORD PERIOD 9999 TO 9999


WEATHER ITEM   OBSERVED TIME   NORMAL DEPARTURE LAST
                VALUE   (LST)  VALUE  FROM      YEAR
                                      NORMAL
......................................................
TEMPERATURE (F)
 YESTERDAY
  MAXIMUM         58   1252 PM  62     -4       65
  MINIMUM         26    630 AM  31     -5       42
  AVERAGE         42            46     -4       54

PRECIPITATION (IN)
  YESTERDAY        0.00          0.04  -0.04     0.01
  MONTH TO DATE    0.24          0.55  -0.31     0.43
  SINCE OCT 1      3.34          5.13  -1.79     6.80
  SINCE JAN 1      1.46          2.94  -1.48     4.42

DEGREE DAYS
 HEATING
  YESTERDAY       23            19      4       11
  MONTH TO DATE  307           374    -67      327
  SINCE MAR 1   1042          1155   -113      874
  SINCE JUL 1   5390          5889   -499     5454

 COOLING
  YESTERDAY        0             0      0        0
  MONTH TO DATE    0             0      0        0
  SINCE MAR 1      0             0      0        0
  SINCE JAN 1      0             0      0        0
......................................................


WIND (MPH)
  RESULTANT WIND SPEED   1   RESULTANT WIND DIRECTION  SW (230)
  HIGHEST WIND SPEED    20   HIGHEST WIND DIRECTION    SW (210)
  HIGHEST GUST SPEED    26   HIGHEST GUST DIRECTION     S (190)
  AVERAGE WIND SPEED     5.4


SKY COVER
  AVERAGE SKY COVER 0.0


WEATHER CONDITIONS
 THE FOLLOWING WEATHER WAS RECORDED YESTERDAY.
  NO SIGNIFICANT WEATHER WAS OBSERVED.


RELATIVE HUMIDITY (PERCENT)
 HIGHEST    53           500 AM
 LOWEST     17          1200 PM
 AVERAGE    35

..........................................................


THE ROME OR CLIMATE NORMALS FOR TODAY
                         NORMAL    RECORD    YEAR
 MAXIMUM TEMPERATURE (F)   62        MM        MM
 MINIMUM TEMPERATURE (F)   31        MM        MM


SUNRISE AND SUNSET
APRIL 19 2018.........SUNRISE   604 AM PDT   SUNSET   738 PM PDT
APRIL 20 2018.........SUNRISE   602 AM PDT   SUNSET   739 PM PDT


-  INDICATES NEGATIVE NUMBERS.
R  INDICATES RECORD WAS SET OR TIED.
MM INDICATES DATA IS MISSING.
T  INDICATES TRACE AMOUNT.




$$
