000
CDUS45 KREV 250848
CLIRNO


CLIMATE REPORT
NATIONAL WEATHER SERVICE RENO NV
147 AM PDT FRI MAY 25 2018


...................................

...THE RENO-TAHOE INTL AIRPORT NV CLIMATE SUMMARY FOR MAY 24 2018...

CLIMATE NORMAL PERIOD 1981 TO 2010
CLIMATE RECORD PERIOD 1888 TO 2018


WEATHER ITEM   OBSERVED TIME   RECORD YEAR NORMAL DEPARTURE LAST
                VALUE   (LST)  VALUE       VALUE  FROM      YEAR
                                                  NORMAL
..................................................................
TEMPERATURE (F)
 YESTERDAY
  MAXIMUM         78    128 PM  94    2001  76      2       85
  MINIMUM         51    516 AM  27    1968  48      3       56
  AVERAGE         65                        62      3       71

PRECIPITATION (IN)
  YESTERDAY        0.31          1.28 1963   0.01   0.30     0.00
  MONTH TO DATE    1.13                      0.37   0.76     0.61
  SINCE OCT 1      6.46                      6.01   0.45    14.94
  SINCE JAN 1      4.89                      3.65   1.24    11.15

SNOWFALL (IN)
  YESTERDAY        0.0           0.0    MM   0.0    0.0      0.0
  MONTH TO DATE    0.0                       0.3   -0.3      0.0
  SINCE MAR 1     20.1                       2.8   17.3      2.9
  SINCE JUL 1     24.9                      21.8    3.1     27.0
  SNOW DEPTH       0

DEGREE DAYS
 HEATING
  YESTERDAY        0                         5     -5        0
  MONTH TO DATE   90                       176    -86      132
  SINCE MAR 1   1128                      1200    -72     1026
  SINCE JUL 1   4395                      4838   -443     4399

 COOLING
  YESTERDAY        0                         2     -2        6
  MONTH TO DATE   14                        20     -6       33
  SINCE MAR 1     17                        21     -4       33
  SINCE JAN 1     17                        21     -4       33
..................................................................


WIND (MPH)
  RESULTANT WIND SPEED   1   RESULTANT WIND DIRECTION   N (10)
  HIGHEST WIND SPEED    25   HIGHEST WIND DIRECTION    SW (220)
  HIGHEST GUST SPEED    34   HIGHEST GUST DIRECTION    NW (300)
  AVERAGE WIND SPEED     6.3



WEATHER CONDITIONS
 THE FOLLOWING WEATHER WAS RECORDED YESTERDAY.
  THUNDERSTORM
  HEAVY RAIN
  RAIN
  LIGHT RAIN


RELATIVE HUMIDITY (PERCENT)
 HIGHEST    83          1000 PM
 LOWEST     33           100 PM
 AVERAGE    58

..........................................................


THE RENO-TAHOE INTL AIRPORT NV CLIMATE NORMALS FOR TODAY
                         NORMAL    RECORD    YEAR
 MAXIMUM TEMPERATURE (F)   76        92      2001
                                             1943
 MINIMUM TEMPERATURE (F)   48        26      1978


SUNRISE AND SUNSET
MAY 25 2018...........SUNRISE   537 AM PDT   SUNSET   815 PM PDT
MAY 26 2018...........SUNRISE   537 AM PDT   SUNSET   816 PM PDT


-  INDICATES NEGATIVE NUMBERS.
R  INDICATES RECORD WAS SET OR TIED.
MM INDICATES DATA IS MISSING.
T  INDICATES TRACE AMOUNT.




$$
