826
CDUS41 KBUF 281013
CLIROC


CLIMATE REPORT
NATIONAL WEATHER SERVICE BUFFALO NY
613 AM EDT MON MAY 28 2018


...................................

...THE ROCHESTER NY CLIMATE SUMMARY FOR MAY 27 2018...

CLIMATE NORMAL PERIOD 1981 TO 2010
CLIMATE RECORD PERIOD 1871 TO 2018


WEATHER ITEM   OBSERVED TIME   RECORD YEAR NORMAL DEPARTURE LAST
                VALUE   (LST)  VALUE       VALUE  FROM      YEAR
                                                  NORMAL
..................................................................
TEMPERATURE (F)
 YESTERDAY
  MAXIMUM         80    424 PM  92    1978  71      9       67
  MINIMUM         65   1258 AM  35    1969  50     15       53
  AVERAGE         73                        60     13       60

PRECIPITATION (IN)
  YESTERDAY        T             0.96 2011   0.09  -0.09     0.00
  MONTH TO DATE    1.70                      2.50  -0.80     5.15
  SINCE MAR 1      8.22                      7.73   0.49    14.76
  SINCE JAN 1     13.48                     12.09   1.39    19.84

SNOWFALL (IN)
  YESTERDAY        0.0           0.0    MM   0.0    0.0      0.0
  MONTH TO DATE    0.0                       0.4   -0.4      0.0
  SINCE MAR 1     34.6                      20.6   14.0     35.5
  SINCE JUL 1    120.5                      99.5   21.0    107.1
  SNOW DEPTH       0

DEGREE DAYS
 HEATING
  YESTERDAY        0                         6     -6        5
  MONTH TO DATE   89                       254   -165      264
  SINCE MAR 1   1818                      1771     47     1663
  SINCE JUL 1   6215                      6557   -342     5531

 COOLING
  YESTERDAY        8                         1      7        0
  MONTH TO DATE   39                        18     21       18
  SINCE MAR 1     39                        22     17       32
  SINCE JAN 1     39                        22     17       32
..................................................................


WIND (MPH)
  HIGHEST WIND SPEED    14   HIGHEST WIND DIRECTION    SE (120)
  HIGHEST GUST SPEED    17   HIGHEST GUST DIRECTION    SE (140)
  AVERAGE WIND SPEED     6.7


SKY COVER
  AVERAGE SKY COVER 0.7


WEATHER CONDITIONS
 THE FOLLOWING WEATHER WAS RECORDED YESTERDAY.
  NO SIGNIFICANT WEATHER WAS OBSERVED.


RELATIVE HUMIDITY (PERCENT)
 HIGHEST    90          1100 PM
 LOWEST     62          1100 AM
 AVERAGE    76

..........................................................


THE ROCHESTER NY CLIMATE NORMALS FOR TODAY
                         NORMAL    RECORD    YEAR
 MAXIMUM TEMPERATURE (F)   71        93      1911
 MINIMUM TEMPERATURE (F)   50        35      1949


SUNRISE AND SUNSET
MAY 28 2018...........SUNRISE   536 AM EDT   SUNSET   840 PM EDT
MAY 29 2018...........SUNRISE   536 AM EDT   SUNSET   841 PM EDT


-  INDICATES NEGATIVE NUMBERS.
R  INDICATES RECORD WAS SET OR TIED.
MM INDICATES DATA IS MISSING.
T  INDICATES TRACE AMOUNT.

$$
