159
CDUS46 KSTO 210040 RRA
CLISAC

CLIMATE REPORT
NATIONAL WEATHER SERVICE SACRAMENTO, CA
540 PM PDT FRI APR 20 2018


...................................

...THE SACRAMENTO EXEC. AIRPORT CA CLIMATE SUMMARY FOR APRIL 20 2018...
VALID TODAY AS OF 0500 PM LOCAL TIME.

CLIMATE NORMAL PERIOD 1981 TO 2010
CLIMATE RECORD PERIOD 1930 TO 2018


WEATHER ITEM   OBSERVED TIME   RECORD YEAR NORMAL DEPARTURE LAST
                VALUE   (LST)  VALUE       VALUE  FROM      YEAR
                                                  NORMAL
..................................................................
TEMPERATURE (F)
 TODAY
  MAXIMUM         80    321 PM  93    2009  72      8       70
  MINIMUM         42    424 AM  34    2008  47     -5       50
  AVERAGE         61

PRECIPITATION (IN)
  TODAY            0.00          0.74 2001   0.03  -0.03      T
  MONTH TO DATE    2.00                      0.84   1.16     2.93
  SINCE OCT 1     15.36                     16.98  -1.62    32.93
  SINCE JAN 1     12.94                     10.70   2.24    23.48

SNOWFALL (IN)
  TODAY            0.0          MM      MM   0.0             0.0
  MONTH TO DATE    0.0                       0.0             0.0
  SINCE MAR 1      0.0                       0.0             0.0
  SINCE JUL 1      0.0                       0.0             0.0

DEGREE DAYS
 HEATING
  TODAY            4

 COOLING
  TODAY            0
..................................................................


WIND (MPH)
  RESULTANT WIND SPEED   4   RESULTANT WIND DIRECTION   W (280)
  HIGHEST WIND SPEED    14   HIGHEST WIND DIRECTION     W (280)
  HIGHEST GUST SPEED    19   HIGHEST GUST DIRECTION    NW (310)


SKY COVER
  POSSIBLE SUNSHINE  MM
  AVERAGE SKY COVER 0.0


WEATHER CONDITIONS
 THE FOLLOWING WEATHER WAS RECORDED TODAY.
  NO SIGNIFICANT WEATHER WAS OBSERVED.


RELATIVE HUMIDITY (PERCENT)
 HIGHEST    92
 LOWEST     28
 AVERAGE    60

..........................................................


THE SACRAMENTO EXEC. AIRPORT CA CLIMATE NORMALS FOR TOMORROW
                         NORMAL    RECORD    YEAR
 MAXIMUM TEMPERATURE (F)   73        94      2009
 MINIMUM TEMPERATURE (F)   47        34      1963


SUNRISE AND SUNSET
APRIL 20 2018.........SUNRISE   623 AM PDT   SUNSET   748 PM PDT
APRIL 21 2018.........SUNRISE   621 AM PDT   SUNSET   748 PM PDT


-  INDICATES NEGATIVE NUMBERS.
R  INDICATES RECORD WAS SET OR TIED.
MM INDICATES DATA IS MISSING.
T  INDICATES TRACE AMOUNT.




&&
....................................................................

SACRAMENTO CITY CLIMATE DATA FOR FRIDAY APRIL 20 2018

HIGH...   83  RECORD HIGH    94 IN 2009    NORMAL    HIGH   74
LOW....   48  RECORD LOW     38 IN 1904    NORMAL    LOW    50

RAIN SINCE MIDNIGHT....  0.00   RECORD THIS DATE....... 5.28 IN 1880
TOTAL THIS MONTH.......  2.45   NORMAL SINCE OCT 1ST.........  18.58
TOTAL SINCE OCT 1ST... 16.27   PERCENT OF NORMAL.............  88%


$$
NNNN
