000
CDUS46 KSGX 251138
CLISAN


CLIMATE REPORT
NATIONAL WEATHER SERVICE SAN DIEGO, CA
437 AM PDT FRI MAY 25 2018


...................................

...THE SAN DIEGO INTL AIRPORT CA CLIMATE SUMMARY FOR MAY 24 2018...

CLIMATE NORMAL PERIOD 1981 TO 2010
CLIMATE RECORD PERIOD 1874 TO 2018


WEATHER ITEM   OBSERVED TIME   RECORD YEAR NORMAL DEPARTURE LAST
                VALUE   (LST)  VALUE       VALUE  FROM      YEAR
                                                  NORMAL
..................................................................
TEMPERATURE (F)
 YESTERDAY
  MAXIMUM         67    148 PM  95    1896  69     -2       71
  MINIMUM         60    618 AM  48    1879  60      0       61
  AVERAGE         64                        64      0       66

PRECIPITATION (IN)
  YESTERDAY        T             0.10 2008   0.00   0.00     0.00
  MONTH TO DATE    0.12                      0.10   0.02     0.92
  SINCE OCT 1      3.32                     10.05  -6.73    12.63
  SINCE JAN 1      3.23                      6.94  -3.71     7.73

DEGREE DAYS
 HEATING
  YESTERDAY        1                         2     -1        0
  MONTH TO DATE   44                        50     -6       34
  SINCE MAR 1    225                       341   -116      129
  SINCE JUL 1    676                      1199   -523      721

 COOLING
  YESTERDAY        0                         1     -1        1
  MONTH TO DATE    9                        24    -15       42
  SINCE MAR 1     33                        43    -10       88
  SINCE JAN 1     50                        48      2       88
..................................................................


WIND (MPH)
  RESULTANT WIND SPEED   6   RESULTANT WIND DIRECTION  NW (300)
  HIGHEST WIND SPEED    15   HIGHEST WIND DIRECTION     W (290)
  HIGHEST GUST SPEED    19   HIGHEST GUST DIRECTION     W (280)
  AVERAGE WIND SPEED     6.8


SKY COVER
  POSSIBLE SUNSHINE  MM
  AVERAGE SKY COVER 1.0


WEATHER CONDITIONS
 THE FOLLOWING WEATHER WAS RECORDED YESTERDAY.
  LIGHT RAIN


RELATIVE HUMIDITY (PERCENT)
 HIGHEST    78          1200 AM
 LOWEST     58           100 PM
 AVERAGE    68

..........................................................


THE SAN DIEGO INTL AIRPORT CA CLIMATE NORMALS FOR TODAY
                         NORMAL    RECORD    YEAR
 MAXIMUM TEMPERATURE (F)   69        98      1896
 MINIMUM TEMPERATURE (F)   60        49      1879


SUNRISE AND SUNSET
MAY 25 2018...........SUNRISE   544 AM PDT   SUNSET   747 PM PDT
MAY 26 2018...........SUNRISE   544 AM PDT   SUNSET   748 PM PDT


-  INDICATES NEGATIVE NUMBERS.
R  INDICATES RECORD WAS SET OR TIED.
MM INDICATES DATA IS MISSING.
T  INDICATES TRACE AMOUNT.




$$
