283
CDUS46 KLOX 240116
CLISBA


CLIMATE REPORT
NATIONAL WEATHER SERVICE LOS ANGELES/OXNARD CA
615 PM PDT WED MAY 23 2018


...................................

...THE SANTA BARBARA AIRPORT CA CLIMATE SUMMARY FOR MAY 23 2018...
VALID TODAY AS OF 0600 PM LOCAL TIME.

CLIMATE NORMAL PERIOD 1981 TO 2010
CLIMATE RECORD PERIOD 1940 TO 2018


WEATHER ITEM   OBSERVED TIME   RECORD YEAR NORMAL DEPARTURE LAST
                VALUE   (LST)  VALUE       VALUE  FROM      YEAR
                                                  NORMAL
..................................................................
TEMPERATURE (F)
 TODAY
  MAXIMUM         66    157 PM  86    2012  69     -3       68
  MINIMUM         55    157 AM  39    1960  52      3       52
  AVERAGE         61                        60      1       60

PRECIPITATION (IN)
  TODAY            0.00          0.08 2008   0.01  -0.01     0.00
  MONTH TO DATE    T                         0.29  -0.29     0.12
  SINCE OCT 1      8.30                     17.23  -8.93    24.23
  SINCE JAN 1      8.23                     11.93  -3.70    19.42

SNOWFALL (IN)
  TODAY            0.0
  MONTH TO DATE    0.0
  SINCE MAR 1      0.0
  SINCE JUL 1      0.0

DEGREE DAYS
 HEATING
  TODAY            4                         5     -1        5
  MONTH TO DATE  129                       124      5      109
  SINCE MAR 1    614                       648    -34      451
  SINCE JUL 1   1865                      2249   -384     1819

 COOLING
  TODAY            0                         0      0        0
  MONTH TO DATE    0                         0      0        5
  SINCE MAR 1     10                         7      3       27
  SINCE JAN 1     10                         7      3       27
..................................................................


WIND (MPH)
  HIGHEST WIND SPEED    10   HIGHEST WIND DIRECTION     W (260)
  HIGHEST GUST SPEED    14   HIGHEST GUST DIRECTION     W (260)
  AVERAGE WIND SPEED     5.0


SKY COVER
  POSSIBLE SUNSHINE  MM
  AVERAGE SKY COVER 0.9


WEATHER CONDITIONS
 THE FOLLOWING WEATHER WAS RECORDED TODAY.
  NO SIGNIFICANT WEATHER WAS OBSERVED.


RELATIVE HUMIDITY (PERCENT)
 HIGHEST    86          1200 AM
 LOWEST     63           100 PM
 AVERAGE    75

..........................................................


THE SANTA BARBARA AIRPORT CA CLIMATE NORMALS FOR TOMORROW
                         NORMAL    RECORD    YEAR
 MAXIMUM TEMPERATURE (F)   69        92      2006
 MINIMUM TEMPERATURE (F)   52        42      1957


SUNRISE AND SUNSET
MAY 23 2018...........SUNRISE   552 AM PDT   SUNSET   801 PM PDT
MAY 24 2018...........SUNRISE   551 AM PDT   SUNSET   801 PM PDT


-  INDICATES NEGATIVE NUMBERS.
R  INDICATES RECORD WAS SET OR TIED.
MM INDICATES DATA IS MISSING.
T  INDICATES TRACE AMOUNT.




$$
