000
CDUS46 KSTO 210042
CLISCK


CLIMATE REPORT
NATIONAL WEATHER SERVICE SACRAMENTO, CA
541 PM PDT SUN MAY 20 2018


...................................

...THE STOCKTON AIRPORT CA CLIMATE SUMMARY FOR MAY 20 2018...
VALID TODAY AS OF 0500 PM LOCAL TIME.

CLIMATE NORMAL PERIOD 1981 TO 2010
CLIMATE RECORD PERIOD 1948 TO 2018


WEATHER ITEM   OBSERVED TIME   RECORD YEAR NORMAL DEPARTURE LAST
                VALUE   (LST)  VALUE       VALUE  FROM      YEAR
                                                  NORMAL
..................................................................
TEMPERATURE (F)
 TODAY
  MAXIMUM         77    210 PM 100    2001  82     -5       96
  MINIMUM         53    518 AM  45    1998  52      1       54
  AVERAGE         65

PRECIPITATION (IN)
  TODAY            0.00          0.33 1957   0.01  -0.01     0.00
  MONTH TO DATE    T                         0.38  -0.38      T
  SINCE OCT 1      9.09                     13.53  -4.44    21.68
  SINCE JAN 1      8.13                      8.80  -0.67    15.52

SNOWFALL (IN)
  TODAY            0.0          MM      MM
  MONTH TO DATE    0.0
  SINCE MAR 1      0.0
  SINCE JUL 1      0.0

DEGREE DAYS
 HEATING
  TODAY            0                         1     -1        0
  MONTH TO DATE    3                        48    -45       24
  SINCE MAR 1    432                       562   -130      399
  SINCE JUL 1   2017                      2624   -607     2108

 COOLING
  TODAY            0                         4     -4       10
  MONTH TO DATE   65                        53     12       80
  SINCE MAR 1     83                        70     13       82
  SINCE JAN 1     83                        70     13       82
..................................................................


WIND (MPH)
  RESULTANT WIND SPEED  14   RESULTANT WIND DIRECTION   W (270)
  HIGHEST WIND SPEED    23   HIGHEST WIND DIRECTION     W (260)
  HIGHEST GUST SPEED    29   HIGHEST GUST DIRECTION     W (260)


SKY COVER
  POSSIBLE SUNSHINE  MM
  AVERAGE SKY COVER 0.0


WEATHER CONDITIONS
 THE FOLLOWING WEATHER WAS RECORDED TODAY.
  LIGHT RAIN


RELATIVE HUMIDITY (PERCENT)
 HIGHEST    83           400 AM
 LOWEST     33           200 PM
 AVERAGE    58

..........................................................


THE STOCKTON AIRPORT CA CLIMATE NORMALS FOR TOMORROW
                         NORMAL    RECORD    YEAR
 MAXIMUM TEMPERATURE (F)   82       101      2001
                                             2000
 MINIMUM TEMPERATURE (F)   53        44      1999
                                             1960


SUNRISE AND SUNSET
MAY 20 2018...........SUNRISE   551 AM PDT   SUNSET   813 PM PDT
MAY 21 2018...........SUNRISE   550 AM PDT   SUNSET   813 PM PDT


-  INDICATES NEGATIVE NUMBERS.
R  INDICATES RECORD WAS SET OR TIED.
MM INDICATES DATA IS MISSING.
T  INDICATES TRACE AMOUNT.




$$
