381
CDUS43 KSGF 230626
CLISGF


CLIMATE REPORT
NATIONAL WEATHER SERVICE SPRINGFIELD MO
126 AM CDT WED MAY 23 2018


...................................

...THE SPRINGFIELD MO CLIMATE SUMMARY FOR MAY 22 2018...

CLIMATE NORMAL PERIOD 1981 TO 2010
CLIMATE RECORD PERIOD 1888 TO 2018


WEATHER ITEM   OBSERVED TIME   RECORD YEAR NORMAL DEPARTURE LAST
                VALUE   (LST)  VALUE       VALUE  FROM      YEAR
                                                  NORMAL
..................................................................
TEMPERATURE (F)
 YESTERDAY
  MAXIMUM         87    105 PM  88    1975  77     10       74
                                      1964
                                      1953
  MINIMUM         62    501 AM  38    1892  56      6       51
  AVERAGE         75                        66      9       63

PRECIPITATION (IN)
  YESTERDAY        0.01          4.21 1989   0.15  -0.14     0.00
  MONTH TO DATE    2.54                      3.75  -1.21     5.62
  SINCE MAR 1      8.42                     11.69  -3.27    22.44
  SINCE JAN 1     17.95                     16.68   1.27    26.90

SNOWFALL (IN)
  YESTERDAY        0.0
  MONTH TO DATE    0.0
  SINCE MAR 1      0.7
  SINCE JUL 1      6.1
  SNOW DEPTH       0

DEGREE DAYS
 HEATING
  YESTERDAY        0                         2     -2        2
  MONTH TO DATE    5                        81    -76       59
  SINCE MAR 1    968                       962      6      650
  SINCE JUL 1   4257                      4555   -298     3339

 COOLING
  YESTERDAY       10                         4      6        0
  MONTH TO DATE  158                        49    109       63
  SINCE MAR 1    170                        74     96      104
  SINCE JAN 1    171                        74     97      113
..................................................................


WIND (MPH)
  HIGHEST WIND SPEED    13   HIGHEST WIND DIRECTION    NE (40)
  HIGHEST GUST SPEED    15   HIGHEST GUST DIRECTION    NE (40)
  AVERAGE WIND SPEED     3.4


SKY COVER
  AVERAGE SKY COVER 0.3


WEATHER CONDITIONS
 THE FOLLOWING WEATHER WAS RECORDED YESTERDAY.
  THUNDERSTORM
  LIGHT RAIN
  FOG
  FOG W/VISIBILITY <= 1/4 MILE


RELATIVE HUMIDITY (PERCENT)
 HIGHEST   100           700 AM
 LOWEST     51           100 PM
 AVERAGE    76

..........................................................


THE SPRINGFIELD MO CLIMATE NORMALS FOR TODAY
                         NORMAL    RECORD    YEAR
 MAXIMUM TEMPERATURE (F)   77        90      1939
 MINIMUM TEMPERATURE (F)   57        40      1917


SUNRISE AND SUNSET
MAY 23 2018...........SUNRISE   559 AM CDT   SUNSET   822 PM CDT
MAY 24 2018...........SUNRISE   559 AM CDT   SUNSET   823 PM CDT


-  INDICATES NEGATIVE NUMBERS.
R  INDICATES RECORD WAS SET OR TIED.
MM INDICATES DATA IS MISSING.
T  INDICATES TRACE AMOUNT.




$$
