000
CDUS45 KBYZ 200721
CLISHR


CLIMATE REPORT
NATIONAL WEATHER SERVICE BILLINGS MT
121 AM MDT FRI APR 20 2018


...................................

...THE SHERIDAN WY CLIMATE SUMMARY FOR APRIL 19 2018...

CLIMATE NORMAL PERIOD 1981 TO 2010
CLIMATE RECORD PERIOD 1907 TO 2018


WEATHER ITEM   OBSERVED TIME   RECORD YEAR NORMAL DEPARTURE LAST
                VALUE   (LST)  VALUE       VALUE  FROM      YEAR
                                                  NORMAL
..................................................................
TEMPERATURE (F)
 YESTERDAY
  MAXIMUM         63    330 PM  83    1962  58      5       58
  MINIMUM         28   1259 AM   5    1966  31     -3       36
  AVERAGE         46                        44      2       47

PRECIPITATION (IN)
  YESTERDAY        0.00          2.84 1948   0.05  -0.05     0.06
  MONTH TO DATE    1.12                      0.87   0.25     0.45
  SINCE OCT 1      7.77                      5.63   2.14     9.31
  SINCE JAN 1      4.78                      2.95   1.83     5.58

DEGREE DAYS
 HEATING
  YESTERDAY       19                        21     -2       18
  MONTH TO DATE  535                       435    100      348
  SINCE MAR 1   1539                      1359    180     1083
  SINCE JUL 1   7279                      6894    385     6605

 COOLING
  YESTERDAY        0                         0      0        0
  MONTH TO DATE    0                         0      0        0
  SINCE MAR 1      0                         0      0        0
  SINCE JAN 1      0                         0      0        0
..................................................................


WIND (MPH)
  HIGHEST WIND SPEED    31   HIGHEST WIND DIRECTION    SE (140)
  HIGHEST GUST SPEED    40   HIGHEST GUST DIRECTION    SE (140)
  AVERAGE WIND SPEED    14.0


SKY COVER
  POSSIBLE SUNSHINE  MM
  AVERAGE SKY COVER 0.0


WEATHER CONDITIONS
 THE FOLLOWING WEATHER WAS RECORDED YESTERDAY.
  NO SIGNIFICANT WEATHER WAS OBSERVED.


RELATIVE HUMIDITY (PERCENT)
 HIGHEST    72           100 AM
 LOWEST     25           300 PM
 AVERAGE    49

..........................................................


THE SHERIDAN WY CLIMATE NORMALS FOR TODAY
                         NORMAL    RECORD    YEAR
 MAXIMUM TEMPERATURE (F)   59        85      1980
 MINIMUM TEMPERATURE (F)   31         3      1966


SUNRISE AND SUNSET
APRIL 20 2018.........SUNRISE   615 AM MDT   SUNSET   759 PM MDT
APRIL 21 2018.........SUNRISE   613 AM MDT   SUNSET   801 PM MDT


-  INDICATES NEGATIVE NUMBERS.
R  INDICATES RECORD WAS SET OR TIED.
MM INDICATES DATA IS MISSING.
T  INDICATES TRACE AMOUNT.




$$
