000
CDUS46 KMFR 200836
CLISIY


CLIMATE REPORT
NATIONAL WEATHER SERVICE MEDFORD, OR
135 AM PDT FRI APR 20 2018


...................................

...THE MONTAGUE CA CLIMATE SUMMARY FOR APRIL 19 2018...

CLIMATE NORMAL PERIOD 1981 TO 2010
CLIMATE RECORD PERIOD 1948 TO 2018


WEATHER ITEM   OBSERVED TIME   RECORD YEAR NORMAL DEPARTURE LAST
                VALUE   (LST)  VALUE       VALUE  FROM      YEAR
                                                  NORMAL
..................................................................
TEMPERATURE (F)
 YESTERDAY
  MAXIMUM         61    341 PM  83    2009  62     -1       60
  MINIMUM         28    538 AM  20    2008  34     -6       32
  AVERAGE         45                        48     -3       46

PRECIPITATION (IN)
  YESTERDAY        0.00          0.50 1981   0.06  -0.06     0.05
  MONTH TO DATE    1.32                      0.84   0.48     0.89
  SINCE OCT 1      6.33                     14.19  -7.86    14.76
  SINCE JAN 1      4.06                      7.36  -3.30     6.55

SNOWFALL (IN)
  YESTERDAY       MM                        MM     MM       MM
  MONTH TO DATE   MM                        MM     MM       MM
  SINCE JUL 1     MM                        MM     MM       MM
  SNOW DEPTH      MM

DEGREE DAYS
 HEATING
  YESTERDAY       20                        17      3       19
  MONTH TO DATE  352                       372    -20      378
  SINCE MAR 1   1061                      1054      7      987
  SINCE JUL 1   4877                      4931    -54     4884

 COOLING
  YESTERDAY        0                         0      0        0
  MONTH TO DATE    0                         0      0        0
  SINCE MAR 1      0                         0      0        0
  SINCE JAN 1      0                         0      0        0
..................................................................


WIND (MPH)
  HIGHEST WIND SPEED    18   HIGHEST WIND DIRECTION     N (20)
  HIGHEST GUST SPEED    23   HIGHEST GUST DIRECTION     N (20)
  AVERAGE WIND SPEED     7.1


SKY COVER
  POSSIBLE SUNSHINE  MM
  AVERAGE SKY COVER 0.3


WEATHER CONDITIONS
 THE FOLLOWING WEATHER WAS RECORDED YESTERDAY.
  NO SIGNIFICANT WEATHER WAS OBSERVED.


RELATIVE HUMIDITY (PERCENT)
 HIGHEST   100           500 AM
 LOWEST     36           200 PM

..........................................................


THE MONTAGUE CA CLIMATE NORMALS FOR TODAY
                         NORMAL    RECORD    YEAR
 MAXIMUM TEMPERATURE (F)   62        87      2009
 MINIMUM TEMPERATURE (F)   34        18      2008


SUNRISE AND SUNSET
APRIL 20 2018.........SUNRISE   622 AM PDT   SUNSET   756 PM PDT
APRIL 21 2018.........SUNRISE   620 AM PDT   SUNSET   757 PM PDT


-  INDICATES NEGATIVE NUMBERS.
R  INDICATES RECORD WAS SET OR TIED.
MM INDICATES DATA IS MISSING.
T  INDICATES TRACE AMOUNT.




$$
