000
CDUS44 KSJT 240727
CLISJT


CLIMATE REPORT
NATIONAL WEATHER SERVICE SAN ANGELO TX
226 AM CDT THU MAY 24 2018


...................................

...THE SAN ANGELO CLIMATE SUMMARY FOR MAY 23 2018...

CLIMATE NORMAL PERIOD 1981 TO 2010
CLIMATE RECORD PERIOD 1907 TO 2018


WEATHER ITEM   OBSERVED TIME   RECORD YEAR NORMAL DEPARTURE LAST
                VALUE   (LST)  VALUE       VALUE  FROM      YEAR
                                                  NORMAL
..................................................................
TEMPERATURE (F)
 YESTERDAY
  MAXIMUM         90    438 PM 105    2011  89      1       71
                                      2000
  MINIMUM         68    616 AM  48    2017  64      4       48
  AVERAGE         79                        76      3       60

PRECIPITATION (IN)
  YESTERDAY        0.00          1.83 1954   0.11  -0.11      T
  MONTH TO DATE    6.03                      1.93   4.10     2.06
  SINCE MAR 1      7.36                      4.85   2.51     3.77
  SINCE JAN 1      8.73                      7.13   1.60     6.48

DEGREE DAYS
 HEATING
  YESTERDAY        0                         0      0        5
  MONTH TO DATE    1                         8     -7        9
  SINCE MAR 1    254                       353    -99      183
  SINCE JUL 1   2092                      2314   -222     1507

 COOLING
  YESTERDAY       14                        11      3        0
  MONTH TO DATE  281                       205     76      174
  SINCE MAR 1    453                       356     97      448
  SINCE JAN 1    472                       361    111      475
..................................................................


WIND (MPH)
  HIGHEST WIND SPEED    18   HIGHEST WIND DIRECTION     E (100)
  HIGHEST GUST SPEED    22   HIGHEST GUST DIRECTION     E (100)
  AVERAGE WIND SPEED     7.7


SKY COVER
  POSSIBLE SUNSHINE  MM
  AVERAGE SKY COVER 0.2


WEATHER CONDITIONS
 THE FOLLOWING WEATHER WAS RECORDED YESTERDAY.
  NO SIGNIFICANT WEATHER WAS OBSERVED.


RELATIVE HUMIDITY (PERCENT)
 HIGHEST    87           600 AM
 LOWEST     40           300 PM
 AVERAGE    64

..........................................................


THE SAN ANGELO CLIMATE NORMALS FOR TODAY
                         NORMAL    RECORD    YEAR
 MAXIMUM TEMPERATURE (F)   89       109      2000
 MINIMUM TEMPERATURE (F)   64        46      2017


SUNRISE AND SUNSET
MAY 24 2018...........SUNRISE   641 AM CDT   SUNSET   837 PM CDT
MAY 25 2018...........SUNRISE   641 AM CDT   SUNSET   838 PM CDT


-  INDICATES NEGATIVE NUMBERS.
R  INDICATES RECORD WAS SET OR TIED.
MM INDICATES DATA IS MISSING.
T  INDICATES TRACE AMOUNT.




$$
