000
CDUS45 KSLC 240035
CLISLC


CLIMATE REPORT
NATIONAL WEATHER SERVICE SALT LAKE CITY UT
634 PM MDT MON APR 23 2018


...................................

...THE SALT LAKE CITY UT CLIMATE SUMMARY FOR APRIL 23 2018...
VALID TODAY AS OF 0500 PM LOCAL TIME.

CLIMATE NORMAL PERIOD 1981 TO 2010
CLIMATE RECORD PERIOD 1874 TO 2018


WEATHER ITEM   OBSERVED TIME   RECORD YEAR NORMAL DEPARTURE LAST
                VALUE   (LST)  VALUE       VALUE  FROM      YEAR
                                                  NORMAL
..................................................................
TEMPERATURE (F)
 TODAY
  MAXIMUM         67    102 AM  88    2012  64      3       67
  MINIMUM         50    651 AM  27    1968  41      9       48
  AVERAGE         59                        52      7       58

PRECIPITATION (IN)
  TODAY            T             1.46 1958   0.06  -0.06     0.00
  MONTH TO DATE    1.18                      1.51  -0.33     2.24
  SINCE OCT 1      7.77                     10.18  -2.41    14.05
  SINCE JAN 1      5.64                      5.80  -0.16     9.41

SNOWFALL (IN)
  TODAY            0.0          10.1  1958   0.1   -0.1      0.0
  MONTH TO DATE    1.4                       3.5   -2.1      1.0
  SINCE OCT 1     43.5                      55.4  -11.9     51.3
  SINCE JUL 1     43.5                      55.4  -11.9     51.3
  SNOW DEPTH       0

DEGREE DAYS
 HEATING
  TODAY            6                        13     -7        7
  MONTH TO DATE  268                       356    -88      306
  SINCE MAR 1    834                      1018   -184      762
  SINCE JUL 1   4370                      5274   -904     4515

 COOLING
  TODAY            0                         0      0        0
  MONTH TO DATE    0                         0      0        0
  SINCE MAR 1      0                         0      0        2
  SINCE JAN 1      0                         0      0        2
..................................................................


WIND (MPH)
  RESULTANT WIND SPEED   9   RESULTANT WIND DIRECTION  NW (330)
  HIGHEST WIND SPEED    35   HIGHEST WIND DIRECTION     N (350)
  HIGHEST GUST SPEED    41   HIGHEST GUST DIRECTION     N (350)
  AVERAGE WIND SPEED    12.6


SKY COVER
  POSSIBLE SUNSHINE  MM
  AVERAGE SKY COVER 0.3


WEATHER CONDITIONS
 THE FOLLOWING WEATHER WAS RECORDED TODAY.
  LIGHT RAIN


RELATIVE HUMIDITY (PERCENT)
 HIGHEST    77           700 AM
 LOWEST     18           400 PM
 AVERAGE    48

..........................................................


THE SALT LAKE CITY UT CLIMATE NORMALS FOR TOMORROW
                         NORMAL    RECORD    YEAR
 MAXIMUM TEMPERATURE (F)   64        86      2012
 MINIMUM TEMPERATURE (F)   41        27      1950


SUNRISE AND SUNSET
APRIL 23 2018.........SUNRISE   637 AM MDT   SUNSET   816 PM MDT
APRIL 24 2018.........SUNRISE   636 AM MDT   SUNSET   817 PM MDT


-  INDICATES NEGATIVE NUMBERS.
R  INDICATES RECORD WAS SET OR TIED.
MM INDICATES DATA IS MISSING.
T  INDICATES TRACE AMOUNT.




$$
