000
CDUS44 KOUN 190636 RRA
CLISPS

CLIMATE REPORT
NATIONAL WEATHER SERVICE NORMAN OK
134 AM CDT THU APR 19 2018


...................................

...THE WICHITA FALLS CLIMATE SUMMARY FOR APRIL 18 2018...

CLIMATE NORMAL PERIOD 1981 TO 2010
CLIMATE RECORD PERIOD 1897 TO 2018


WEATHER ITEM   OBSERVED TIME   RECORD YEAR NORMAL DEPARTURE LAST
                VALUE   (LST)  VALUE       VALUE  FROM      YEAR
                                                  NORMAL
..................................................................
TEMPERATURE (F)
 YESTERDAY
  MAXIMUM         76    106 AM 103    2011  77     -1       81
  MINIMUM         50   1159 PM  36    1944  50      0       54
  AVERAGE         63                        63      0       68

PRECIPITATION (IN)
  YESTERDAY        0.00          2.41 1990   0.10  -0.10     0.00
  MONTH TO DATE    T                         1.30  -1.30     0.74
  SINCE MAR 1      2.79                      3.50  -0.71     1.49
  SINCE JAN 1      5.65                      6.39  -0.74     5.46

SNOWFALL (IN)
  YESTERDAY        0.0           0.0  2002   0.0    0.0      0.0
  MONTH TO DATE    0.0                       0.0    0.0      0.0
  SINCE MAR 1      0.0                       0.5   -0.5      0.0
  SINCE JUL 1      1.0                       3.9   -2.9       T

DEGREE DAYS
 HEATING
  YESTERDAY        2                         4     -2        0
  MONTH TO DATE  178                       107     71       49
  SINCE MAR 1    430                       464    -34      253
  SINCE JUL 1   2816                      2910    -94     2097

 COOLING
  YESTERDAY        0                         2     -2        3
  MONTH TO DATE   33                        31      2       40
  SINCE MAR 1     61                        50     11       97
  SINCE JAN 1     70                        53     17      115
..................................................................


WIND (MPH)
  HIGHEST WIND SPEED    32   HIGHEST WIND DIRECTION     N (350)
  HIGHEST GUST SPEED    37   HIGHEST GUST DIRECTION     N (350)
  AVERAGE WIND SPEED    15.4


SKY COVER
  AVERAGE SKY COVER 0.2


WEATHER CONDITIONS
 THE FOLLOWING WEATHER WAS RECORDED YESTERDAY.
  NO SIGNIFICANT WEATHER WAS OBSERVED.


RELATIVE HUMIDITY (PERCENT)
 HIGHEST    50          1200 AM
 LOWEST     13           500 PM
 AVERAGE    32

..........................................................


THE WICHITA FALLS CLIMATE NORMALS FOR TODAY
                         NORMAL    RECORD    YEAR
 MAXIMUM TEMPERATURE (F)   77        97      1925
 MINIMUM TEMPERATURE (F)   50        33      2013


SUNRISE AND SUNSET
APRIL 19 2018.........SUNRISE   658 AM CDT   SUNSET   808 PM CDT
APRIL 20 2018.........SUNRISE   657 AM CDT   SUNSET   809 PM CDT


-  INDICATES NEGATIVE NUMBERS.
R  INDICATES RECORD WAS SET OR TIED.
MM INDICATES DATA IS MISSING.
T  INDICATES TRACE AMOUNT.




$$
