000
CDUS43 KFSD 280638
CLISUX


CLIMATE REPORT
NATIONAL WEATHER SERVICE SIOUX FALLS SD
130 AM CDT MON MAY 28 2018


...................................

...THE SIOUX CITY IA CLIMATE SUMMARY FOR MAY 27 2018...

CLIMATE NORMAL PERIOD 1981 TO 2010
CLIMATE RECORD PERIOD 1889 TO 2018


WEATHER ITEM   OBSERVED TIME   RECORD YEAR NORMAL DEPARTURE LAST
                VALUE   (LST)  VALUE       VALUE  FROM      YEAR
                                                  NORMAL
..................................................................
TEMPERATURE (F)
 YESTERDAY
  MAXIMUM        102R   325 PM  92    1895  76     26       74
  MINIMUM         65    511 AM  34    1992  53     12       51
  AVERAGE         84                        65     19       63

PRECIPITATION (IN)
  YESTERDAY        0.00          1.59 1995   0.12  -0.12      T
  MONTH TO DATE    3.34                      3.22   0.12     3.44
  SINCE MAR 1      6.43                      8.17  -1.74     7.88
  SINCE JAN 1      8.86                      9.46  -0.60     9.47

SNOWFALL (IN)
  YESTERDAY        0.0           0.0    MM   0.0    0.0      0.0
  MONTH TO DATE    0.0                       0.2   -0.2       T
  SINCE MAR 1     13.4                       8.5    4.9      3.1
  SINCE JUL 1     45.2                      35.0   10.2     28.6
  SNOW DEPTH       0

DEGREE DAYS
 HEATING
  YESTERDAY        0                         3     -3        2
  MONTH TO DATE   88                       170    -82      176
  SINCE MAR 1   1667                      1528    139     1384
  SINCE JUL 1   7001                      6822    179     5621

 COOLING
  YESTERDAY       19                         3     16        0
  MONTH TO DATE   96                        42     54       37
  SINCE MAR 1    104                        53     51       38
  SINCE JAN 1    104                        53     51       38
..................................................................


WIND (MPH)
  HIGHEST WIND SPEED    21   HIGHEST WIND DIRECTION    SW (210)
  HIGHEST GUST SPEED    27   HIGHEST GUST DIRECTION    SW (220)
  AVERAGE WIND SPEED     8.9


SKY COVER
  POSSIBLE SUNSHINE  MM
  AVERAGE SKY COVER 0.0


WEATHER CONDITIONS
 THE FOLLOWING WEATHER WAS RECORDED YESTERDAY.
  NO SIGNIFICANT WEATHER WAS OBSERVED.


RELATIVE HUMIDITY (PERCENT)
 HIGHEST    73           600 AM
 LOWEST     24          1200 PM
 AVERAGE    49

..........................................................


THE SIOUX CITY IA CLIMATE NORMALS FOR TODAY
                         NORMAL    RECORD    YEAR
 MAXIMUM TEMPERATURE (F)   77        98      2006
 MINIMUM TEMPERATURE (F)   53        31      1947


SUNRISE AND SUNSET
MAY 28 2018...........SUNRISE   553 AM CDT   SUNSET   853 PM CDT
MAY 29 2018...........SUNRISE   553 AM CDT   SUNSET   854 PM CDT


-  INDICATES NEGATIVE NUMBERS.
R  INDICATES RECORD WAS SET OR TIED.
MM INDICATES DATA IS MISSING.
T  INDICATES TRACE AMOUNT.




$$
