000
CDUS41 KBGM 240532
CLISYR


CLIMATE REPORT
NATIONAL WEATHER SERVICE BINGHAMTON NY
131 AM EDT TUE APR 24 2018


...................................

...THE SYRACUSE NY CLIMATE SUMMARY FOR APRIL 23 2018...

CLIMATE NORMAL PERIOD 1981 TO 2010
CLIMATE RECORD PERIOD 1902 TO 2018


WEATHER ITEM   OBSERVED TIME   RECORD YEAR NORMAL DEPARTURE LAST
                VALUE   (LST)  VALUE       VALUE  FROM      YEAR
                                                  NORMAL
..................................................................
TEMPERATURE (F)
 YESTERDAY
  MAXIMUM         70    248 PM  88    2001  61      9       66
  MINIMUM         29    557 AM  20    1930  39    -10       32
  AVERAGE         50                        50      0       49

PRECIPITATION (IN)
  YESTERDAY        0.00          1.32 1907   0.09  -0.09     0.00
  MONTH TO DATE    1.65                      2.48  -0.83     4.61
  SINCE MAR 1      5.51                      5.43   0.08     8.46
  SINCE JAN 1     11.58                     10.00   1.58    15.04

SNOWFALL (IN)
  YESTERDAY        0.0           1.5  1993   0.1   -0.1      0.0
  MONTH TO DATE    2.5                       3.5   -1.0      0.3
  SINCE MAR 1     46.1                      21.5   24.6     31.2
  SINCE JUL 1    153.6                     123.4   30.2    134.9
  SNOW DEPTH       0

DEGREE DAYS
 HEATING
  YESTERDAY       15                        15      0       16
  MONTH TO DATE  642                       451    191      374
  SINCE MAR 1   1692                      1408    284     1446
  SINCE JUL 1   6359                      6239    120     5715

 COOLING
  YESTERDAY        0                         0      0        0
  MONTH TO DATE    0                         0      0        8
  SINCE MAR 1      0                         0      0        8
  SINCE JAN 1      0                         0      0        8
..................................................................


WIND (MPH)
  HIGHEST WIND SPEED    17   HIGHEST WIND DIRECTION     N (350)
  HIGHEST GUST SPEED    21   HIGHEST GUST DIRECTION     N (340)
  AVERAGE WIND SPEED     4.6


SKY COVER
  POSSIBLE SUNSHINE  MM
  AVERAGE SKY COVER 0.1


WEATHER CONDITIONS
 THE FOLLOWING WEATHER WAS RECORDED YESTERDAY.
  NO SIGNIFICANT WEATHER WAS OBSERVED.


RELATIVE HUMIDITY (PERCENT)
 HIGHEST    92           600 AM
 LOWEST     15           300 PM
 AVERAGE    54

..........................................................


THE SYRACUSE NY CLIMATE NORMALS FOR TODAY
                         NORMAL    RECORD    YEAR
 MAXIMUM TEMPERATURE (F)   61        81      1960
 MINIMUM TEMPERATURE (F)   40        23      1919


SUNRISE AND SUNSET
APRIL 24 2018.........SUNRISE   608 AM EDT   SUNSET   758 PM EDT
APRIL 25 2018.........SUNRISE   607 AM EDT   SUNSET   759 PM EDT


-  INDICATES NEGATIVE NUMBERS.
R  INDICATES RECORD WAS SET OR TIED.
MM INDICATES DATA IS MISSING.
T  INDICATES TRACE AMOUNT.

$$
