030
CDUS44 KBMX 240748
CLITOI


CLIMATE REPORT
NATIONAL WEATHER SERVICE BIRMINGHAM, AL
248 AM CDT THU MAY 24 2018


...................................

...THE TROY CLIMATE SUMMARY FOR MAY 23 2018...

CLIMATE NORMAL PERIOD 1981 TO 2010
CLIMATE RECORD PERIOD 9999 TO 9999


WEATHER ITEM   OBSERVED TIME   RECORD YEAR NORMAL DEPARTURE LAST
                VALUE   (LST)  VALUE       VALUE  FROM      YEAR
                                                  NORMAL
..................................................................
TEMPERATURE (F)
 YESTERDAY
  MAXIMUM         88   1156 AM  MM      MM  86      2       74
  MINIMUM         69   1159 PM  MM      MM  61      8       65
  AVERAGE         79                        73      6       70

PRECIPITATION (IN)
  YESTERDAY        0.01                      0.13  -0.12     3.03
  MONTH TO DATE    1.23                      2.21  -0.98     7.75
  SINCE MAR 1      7.71                     12.23  -4.52    13.67
  SINCE JAN 1     12.97                     21.36  -8.39    32.30

DEGREE DAYS
 COOLING
  YESTERDAY       14                         8      6        5
  MONTH TO DATE  199                       135     64      135
  SINCE MAR 1    253                       207     46      317
  SINCE JAN 1    311                       212     99      339
..................................................................


WIND (MPH)
  HIGHEST WIND SPEED    14   HIGHEST WIND DIRECTION     N (350)
  HIGHEST GUST SPEED    16   HIGHEST GUST DIRECTION     N (340)
  AVERAGE WIND SPEED     4.5


SKY COVER
  AVERAGE SKY COVER 0.6


WEATHER CONDITIONS
 THE FOLLOWING WEATHER WAS RECORDED YESTERDAY.
  THUNDERSTORM
  LIGHT RAIN
  FOG


RELATIVE HUMIDITY (PERCENT)
 HIGHEST   100           400 AM
 LOWEST     55          1200 PM
 AVERAGE    78

..........................................................


THE TROY CLIMATE NORMALS FOR TODAY
                         NORMAL    RECORD    YEAR
 MAXIMUM TEMPERATURE (F)   86        MM        MM
 MINIMUM TEMPERATURE (F)   61        MM        MM


SUNRISE AND SUNSET
MAY 24 2018...........SUNRISE   542 AM CDT   SUNSET   740 PM CDT
MAY 25 2018...........SUNRISE   542 AM CDT   SUNSET   741 PM CDT


-  INDICATES NEGATIVE NUMBERS.
R  INDICATES RECORD WAS SET OR TIED.
MM INDICATES DATA IS MISSING.
T  INDICATES TRACE AMOUNT.




$$
