000
CDUS46 KSGX 212324
CLITRM


CLIMATE REPORT
NATIONAL WEATHER SERVICE SAN DIEGO, CA
424 PM PDT SAT APR 21 2018


...................................

...THE THERMAL AIRPORT CA CLIMATE SUMMARY FOR APRIL 21 2018...
VALID TODAY AS OF 0400 PM LOCAL TIME.

CLIMATE NORMAL PERIOD 1981 TO 2010
CLIMATE RECORD PERIOD 1950 TO 2018


WEATHER ITEM   OBSERVED TIME   RECORD YEAR NORMAL DEPARTURE LAST
                VALUE   (LST)  VALUE       VALUE  FROM      YEAR
                                                  NORMAL
..................................................................
TEMPERATURE (F)
 TODAY
  MAXIMUM         96    259 PM 107    2012  89      7       96
                                      2009
  MINIMUM         51    522 AM  45    2002  55     -4       58
  AVERAGE         74                        72      2       77

PRECIPITATION (IN)
  TODAY            0.00          0.01 1983   0.00   0.00     0.00
  MONTH TO DATE    0.00                      0.05  -0.05     0.00
  SINCE OCT 1      0.41                      2.57  -2.16     3.69
  SINCE JAN 1      0.41                      1.76  -1.35     2.01

DEGREE DAYS
 HEATING
  TODAY            0                         0      0        0
  MONTH TO DATE    0                        19    -19        0
  SINCE MAR 1     48                       111    -63       34
  SINCE JUL 1    611                      1176   -565      899

 COOLING
  TODAY            9                         7      2       12
  MONTH TO DATE  228                       108    120      184
  SINCE MAR 1    344                       170    174      374
  SINCE JAN 1    375                       182    193      406
..................................................................


WIND (MPH)
  RESULTANT WIND SPEED   2   RESULTANT WIND DIRECTION   E (100)
  HIGHEST WIND SPEED    14   HIGHEST WIND DIRECTION    SE (150)
  HIGHEST GUST SPEED    18   HIGHEST GUST DIRECTION    SE (150)
  AVERAGE WIND SPEED     5.5


SKY COVER
  POSSIBLE SUNSHINE  MM
  AVERAGE SKY COVER 0.0


WEATHER CONDITIONS
 THE FOLLOWING WEATHER WAS RECORDED TODAY.
  NO SIGNIFICANT WEATHER WAS OBSERVED.


RELATIVE HUMIDITY (PERCENT)
 HIGHEST    64           500 AM
 LOWEST      9           300 PM
 AVERAGE    37

..........................................................


THE THERMAL AIRPORT CA CLIMATE NORMALS FOR TOMORROW
                         NORMAL    RECORD    YEAR
 MAXIMUM TEMPERATURE (F)   89       104      2012
 MINIMUM TEMPERATURE (F)   55        44      1970


SUNRISE AND SUNSET
APRIL 21 2018.........SUNRISE   607 AM PDT   SUNSET   720 PM PDT
APRIL 22 2018.........SUNRISE   606 AM PDT   SUNSET   721 PM PDT


-  INDICATES NEGATIVE NUMBERS.
R  INDICATES RECORD WAS SET OR TIED.
MM INDICATES DATA IS MISSING.
T  INDICATES TRACE AMOUNT.




$$
