000
CDUS41 KPHI 230552
CLITTN


CLIMATE REPORT
NATIONAL WEATHER SERVICE MOUNT HOLLY NJ
151 AM EDT MON APR 23 2018


...................................

...THE TRENTON NJ CLIMATE SUMMARY FOR APRIL 22 2018...

CLIMATE NORMAL PERIOD 1981 TO 2010
CLIMATE RECORD PERIOD 1865 TO 2018


WEATHER ITEM   OBSERVED TIME   RECORD YEAR NORMAL DEPARTURE LAST
                VALUE   (LST)  VALUE       VALUE  FROM      YEAR
                                                  NORMAL
..................................................................
TEMPERATURE (F)
 YESTERDAY
  MAXIMUM         66    440 PM  89    1985  64      2       57
  MINIMUM         35    545 AM  30    1922  43     -8       45
  AVERAGE         51                        53     -2       51

PRECIPITATION (IN)
  YESTERDAY        0.00          2.06 2012   0.11  -0.11     0.10
  MONTH TO DATE    2.77                      2.77   0.00     1.93
  SINCE MAR 1      6.18                      6.91  -0.73     6.54
  SINCE JAN 1     14.50                     12.38   2.12    11.28

DEGREE DAYS
 HEATING
  YESTERDAY       14                        12      2       14
  MONTH TO DATE  406                       335     71      214
  SINCE MAR 1   1200                      1067    133     1002
  SINCE JUL 1   4687                      4881   -194     4221

 COOLING
  YESTERDAY        0                         0      0        0
  MONTH TO DATE    6                         0      6       10
  SINCE MAR 1      6                         0      6       10
  SINCE JAN 1      9                         0      9       10
..................................................................


WIND (MPH)
  HIGHEST WIND SPEED    14   HIGHEST WIND DIRECTION     W (250)
  HIGHEST GUST SPEED    22   HIGHEST GUST DIRECTION    SW (220)
  AVERAGE WIND SPEED     4.4


SKY COVER
  POSSIBLE SUNSHINE  MM
  AVERAGE SKY COVER 0.0


WEATHER CONDITIONS
 THE FOLLOWING WEATHER WAS RECORDED YESTERDAY.
  NO SIGNIFICANT WEATHER WAS OBSERVED.


RELATIVE HUMIDITY (PERCENT)
 HIGHEST    64           600 AM
 LOWEST     18           300 PM
 AVERAGE    41

..........................................................


THE TRENTON NJ CLIMATE NORMALS FOR TODAY
                         NORMAL    RECORD    YEAR
 MAXIMUM TEMPERATURE (F)   64        89      1960
 MINIMUM TEMPERATURE (F)   43        30      1988


SUNRISE AND SUNSET
APRIL 23 2018.........SUNRISE   609 AM EDT   SUNSET   746 PM EDT
APRIL 24 2018.........SUNRISE   608 AM EDT   SUNSET   747 PM EDT


-  INDICATES NEGATIVE NUMBERS.
R  INDICATES RECORD WAS SET OR TIED.
MM INDICATES DATA IS MISSING.
T  INDICATES TRACE AMOUNT.




$$
