927
CDUS44 KTSA 260647
CLITUL

CLIMATE REPORT
NATIONAL WEATHER SERVICE TULSA OK
146 AM CDT THU APR 26 2018


...................................

...THE TULSA OKLAHOMA CLIMATE SUMMARY FOR APRIL 25 2018...

CLIMATE NORMAL PERIOD 1981 TO 2010
CLIMATE RECORD PERIOD 1882 TO 2018


WEATHER ITEM   OBSERVED TIME   RECORD YEAR NORMAL DEPARTURE LAST
                VALUE   (LST)  VALUE       VALUE  FROM      YEAR
                                                  NORMAL
..................................................................
TEMPERATURE (F)
 YESTERDAY
  MAXIMUM         60    120 AM  89    1939  75    -15       81
                                      1936
  MINIMUM         49   1141 PM  34    2013  53     -4       60
  AVERAGE         55                        64     -9       71

PRECIPITATION (IN)
  YESTERDAY        0.40          2.76 1999   0.15   0.25     0.81
  MONTH TO DATE    1.76                      3.00  -1.24     6.96
  SINCE MAR 1      5.07                      6.29  -1.22     8.73
  SINCE JAN 1     10.15                      9.80   0.35    13.33

SNOWFALL (IN)
  YESTERDAY        0.0                                        T
  MONTH TO DATE    0.1                                        T
  SINCE MAR 1      0.1                                        T
  SINCE JUL 1      2.1                                       0.7

DEGREE DAYS
 HEATING
  YESTERDAY       10                         4      6        0
  MONTH TO DATE  328                       170    158       83
  SINCE MAR 1    697                       608     89      377
  SINCE JUL 1   3405                      3519   -114     2598

 COOLING
  YESTERDAY        0                         2     -2        6
  MONTH TO DATE   15                        39    -24       62
  SINCE MAR 1     18                        50    -32      102
  SINCE JAN 1     23                        51    -28      118
..................................................................


WIND (MPH)
  HIGHEST WIND SPEED    21   HIGHEST WIND DIRECTION     N (10)
  HIGHEST GUST SPEED    29   HIGHEST GUST DIRECTION     N (360)
  AVERAGE WIND SPEED    10.9


SKY COVER
  POSSIBLE SUNSHINE  MM
  AVERAGE SKY COVER 1.0


WEATHER CONDITIONS
 THE FOLLOWING WEATHER WAS RECORDED YESTERDAY.
  HEAVY RAIN
  RAIN
  LIGHT RAIN
  FOG


RELATIVE HUMIDITY (PERCENT)
 HIGHEST    93           900 AM
 LOWEST     62           100 AM
 AVERAGE    78

..........................................................


THE TULSA OKLAHOMA CLIMATE NORMALS FOR TODAY
                         NORMAL    RECORD    YEAR
 MAXIMUM TEMPERATURE (F)   75        91      1987
 MINIMUM TEMPERATURE (F)   53        35      1910


SUNRISE AND SUNSET
APRIL 26 2018.........SUNRISE   636 AM CDT   SUNSET   807 PM CDT
APRIL 27 2018.........SUNRISE   635 AM CDT   SUNSET   808 PM CDT


-  INDICATES NEGATIVE NUMBERS.
R  INDICATES RECORD WAS SET OR TIED.
MM INDICATES DATA IS MISSING.
T  INDICATES TRACE AMOUNT.




$$

&&
...........................................................

THE TULSA PRECIPITATION NORMALS FOR TODAY
                       NORMAL    RECORD      YEAR
  TODAY                 0.15      2.09       1915
  MONTH TO DATE         3.15
  YEAR TO DATE          9.95
...........................................................
ALL DATA MEASURED AT THE TULSA INTERNATIONAL AIRPORT...
EXCEPT SNOWFALL...WHICH IS MEASURED AT THE NWS OFFICE.
