000
CDUS45 KBOI 200931
CLITWF


CLIMATE REPORT
NATIONAL WEATHER SERVICE BOISE ID
331 AM MDT SUN MAY 20 2018


...................................

...THE TWIN FALLS ID CLIMATE SUMMARY FOR MAY 19 2018...

CLIMATE NORMAL PERIOD 1981 TO 2010
CLIMATE RECORD PERIOD 9999 TO 9999


WEATHER ITEM   OBSERVED TIME   NORMAL DEPARTURE LAST
                VALUE   (LST)  VALUE  FROM      YEAR
                                      NORMAL
......................................................
TEMPERATURE (F)
 YESTERDAY
  MAXIMUM         75    318 PM  71      4       64
  MINIMUM         40    356 AM  44     -4       42
  AVERAGE         58

PRECIPITATION (IN)
  YESTERDAY        T             0.05  -0.05     0.00
  MONTH TO DATE    0.78          0.84  -0.06     0.61
  SINCE OCT 1      6.33          8.06  -1.73    10.36
  SINCE JAN 1      3.77          4.81  -1.04     5.86

DEGREE DAYS
 HEATING
  YESTERDAY        7             8     -1       12
  MONTH TO DATE  155           203    -48      250
  SINCE MAR 1   1435          1434      1     1451
  SINCE JUL 1   5967          6001    -34     6231

 COOLING
  YESTERDAY        0             1     -1        0
  MONTH TO DATE    4             7     -3        1
  SINCE MAR 1      4             8     -4        1
  SINCE JAN 1      4             8     -4        1
......................................................


WIND (MPH)
  HIGHEST WIND SPEED    14   HIGHEST WIND DIRECTION     S (180)
  HIGHEST GUST SPEED    18   HIGHEST GUST DIRECTION     S (180)
  AVERAGE WIND SPEED     5.3


SKY COVER
  AVERAGE SKY COVER 0.0


WEATHER CONDITIONS
 THE FOLLOWING WEATHER WAS RECORDED YESTERDAY.
  HAZE


RELATIVE HUMIDITY (PERCENT)
 HIGHEST   100           400 AM
 LOWEST     20           300 PM
 AVERAGE    60

..........................................................




SUNRISE AND SUNSET
MAY 20 2018...........SUNRISE   611 AM MDT   SUNSET   858 PM MDT
MAY 21 2018...........SUNRISE   611 AM MDT   SUNSET   859 PM MDT


-  INDICATES NEGATIVE NUMBERS.
R  INDICATES RECORD WAS SET OR TIED.
MM INDICATES DATA IS MISSING.
T  INDICATES TRACE AMOUNT.




$$
