000
CDUS44 KSHV 250734
CLITXK


CLIMATE REPORT
NATIONAL WEATHER SERVICE SHREVEPORT, LA
233 AM CDT FRI MAY 25 2018


...................................

...THE TEXARKANA CLIMATE SUMMARY FOR MAY 24 2018...

CLIMATE NORMAL PERIOD 1981 TO 2010
CLIMATE RECORD PERIOD 1896 TO 2018


WEATHER ITEM   OBSERVED TIME   RECORD YEAR NORMAL DEPARTURE LAST
                VALUE   (LST)  VALUE       VALUE  FROM      YEAR
                                                  NORMAL
..................................................................
TEMPERATURE (F)
 YESTERDAY
  MAXIMUM         88    324 PM  95    1939  84      4       72
  MINIMUM         66    310 AM  47    1935  63      3       53
  AVERAGE         77                        74      3       63

PRECIPITATION (IN)
  YESTERDAY        0.00          1.27 1959   0.15  -0.15     0.00
  MONTH TO DATE    1.78                      4.07  -2.29     3.50
  SINCE DEC 1     31.59                     24.65   6.94    26.54
  SINCE JAN 1     25.00                     19.60   5.40    20.12

SNOWFALL (IN)
  YESTERDAY        0.0
  MONTH TO DATE    0.0
  SINCE MAR 1      0.0
  SINCE JUL 1      2.0
  SNOW DEPTH       0

DEGREE DAYS
 HEATING
  YESTERDAY        0                         0      0        2
  MONTH TO DATE    0                        12    -12       11
  SINCE MAR 1    411                       421    -10      256
  SINCE JUL 1   2526                      2615    -89     1707

 COOLING
  YESTERDAY       12                         9      3        0
  MONTH TO DATE  273                       154    119      115
  SINCE MAR 1    319                       247     72      260
  SINCE JAN 1    333                       251     82      292
..................................................................


WIND (MPH)
  HIGHEST WIND SPEED     9   HIGHEST WIND DIRECTION     S (170)
  HIGHEST GUST SPEED    11   HIGHEST GUST DIRECTION    SE (150)
  AVERAGE WIND SPEED     2.7


SKY COVER
  POSSIBLE SUNSHINE  MM
  AVERAGE SKY COVER 0.0


WEATHER CONDITIONS
 THE FOLLOWING WEATHER WAS RECORDED YESTERDAY.
  HAZE


RELATIVE HUMIDITY (PERCENT)
 HIGHEST   100          1200 AM
 LOWEST     55           100 PM
 AVERAGE    78

..........................................................


THE TEXARKANA CLIMATE NORMALS FOR TODAY
                         NORMAL    RECORD    YEAR
 MAXIMUM TEMPERATURE (F)   84        95      1902
 MINIMUM TEMPERATURE (F)   64        50      2017
                                             1935


SUNRISE AND SUNSET
MAY 25 2018...........SUNRISE   610 AM CDT   SUNSET   816 PM CDT
MAY 26 2018...........SUNRISE   609 AM CDT   SUNSET   817 PM CDT


-  INDICATES NEGATIVE NUMBERS.
R  INDICATES RECORD WAS SET OR TIED.
MM INDICATES DATA IS MISSING.
T  INDICATES TRACE AMOUNT.




$$
