000
CDUS42 KTAE 240634
CLIVLD


CLIMATE REPORT
NATIONAL WEATHER SERVICE TALLAHASSEE FL
233 AM EDT TUE APR 24 2018


...................................

...THE VALDOSTA CLIMATE SUMMARY FOR APRIL 23 2018...

CLIMATE NORMAL PERIOD 1981 TO 2010
CLIMATE RECORD PERIOD 1948 TO 2018


WEATHER ITEM   OBSERVED TIME   NORMAL DEPARTURE LAST
                VALUE   (LST)  VALUE  FROM      YEAR
                                      NORMAL
......................................................
TEMPERATURE (F)
 YESTERDAY
  MAXIMUM         81    447 PM  81      0       87
  MINIMUM         64   1159 PM  54     10       59
  AVERAGE         73            68      5       73

PRECIPITATION (IN)
  YESTERDAY        0.86          0.07   0.79      T
  MONTH TO DATE    5.24          2.41   2.83     1.92
  SINCE MAR 1      7.06          7.28  -0.22     3.12
  SINCE JAN 1     12.93         16.01  -3.08    13.43

SNOWFALL (IN)
  YESTERDAY        0.0
  MONTH TO DATE    0.0
  SINCE MAR 1      0.0
  SINCE JUL 1      0.6

DEGREE DAYS
 HEATING
  YESTERDAY        0             1     -1        0
  MONTH TO DATE   61            61      0       27
  SINCE MAR 1    333           247     86      201
  SINCE JUL 1   1580          1627    -47      987

 COOLING
  YESTERDAY        8             4      4        8
  MONTH TO DATE   39            61    -22      100
  SINCE MAR 1     73            94    -21      157
  SINCE JAN 1    156           104     52      203
......................................................


WIND (MPH)
  HIGHEST WIND SPEED    16   HIGHEST WIND DIRECTION     S (180)
  HIGHEST GUST SPEED    24   HIGHEST GUST DIRECTION     S (170)
  AVERAGE WIND SPEED     7.6




RELATIVE HUMIDITY (PERCENT)
 HIGHEST   100
 LOWEST     54
 AVERAGE    77

..........................................................




SUNRISE AND SUNSET
APRIL 24 2018.........SUNRISE   656 AM EDT   SUNSET   807 PM EDT
APRIL 25 2018.........SUNRISE   655 AM EDT   SUNSET   808 PM EDT


-  INDICATES NEGATIVE NUMBERS.
R  INDICATES RECORD WAS SET OR TIED.
MM INDICATES DATA IS MISSING.
T  INDICATES TRACE AMOUNT.




$$
