000
CDUS45 KRIW 230038
CLIWRL


CLIMATE REPORT
NATIONAL WEATHER SERVICE RIVERTON WY
638 PM MDT TUE MAY 22 2018


...................................

...THE WORLAND WY CLIMATE SUMMARY FOR MAY 22 2018...
VALID TODAY AS OF 0500 PM LOCAL TIME.

CLIMATE NORMAL PERIOD 1981 TO 2010
CLIMATE RECORD PERIOD 1947 TO 2018


WEATHER ITEM   OBSERVED TIME   RECORD YEAR NORMAL DEPARTURE LAST
                VALUE   (LST)  VALUE       VALUE  FROM      YEAR
                                                  NORMAL
..................................................................
TEMPERATURE (F)
 TODAY
  MAXIMUM         77        MM  93    1980  72      5       60
  MINIMUM         45    500 AM  29    1974  43      2       38
  AVERAGE         61                        57      4       49

PRECIPITATION (IN)
  TODAY            0.00          0.65 1981   0.05  -0.05     0.10
  MONTH TO DATE    1.18                      0.99   0.19     0.84
  SINCE MAR 1      3.14                      2.31   0.83     4.32
  SINCE JAN 1      3.46                      2.73   0.73     4.72

DEGREE DAYS
 HEATING
  TODAY            4                         8     -4       16
  MONTH TO DATE  199                       247    -48      229
  SINCE MAR 1   1768                      1713     55     1468
  SINCE JUL 1   8095                      7714    381     7343

 COOLING
  TODAY            0                         0      0        0
  MONTH TO DATE    0                         0      0        0
  SINCE MAR 1      0                         1     -1        0
  SINCE JAN 1      0                         1     -1        0
..................................................................


WIND (MPH)
  HIGHEST WIND SPEED     8   HIGHEST WIND DIRECTION     S (180)
  HIGHEST GUST SPEED    MM   HIGHEST GUST DIRECTION    MM
  AVERAGE WIND SPEED     3.3


SKY COVER
  POSSIBLE SUNSHINE  MM
  AVERAGE SKY COVER 0.0


WEATHER CONDITIONS
 THE FOLLOWING WEATHER WAS RECORDED TODAY.
  NO SIGNIFICANT WEATHER WAS OBSERVED.


RELATIVE HUMIDITY (PERCENT)
 HIGHEST   100           200 AM
 LOWEST     38           100 PM
 AVERAGE    69

..........................................................


THE WORLAND WY CLIMATE NORMALS FOR TOMORROW
                         NORMAL    RECORD    YEAR
 MAXIMUM TEMPERATURE (F)   72        91      1967
 MINIMUM TEMPERATURE (F)   43        30      1966


SUNRISE AND SUNSET
MAY 22 2018...........SUNRISE   539 AM MDT   SUNSET   839 PM MDT
MAY 23 2018...........SUNRISE   538 AM MDT   SUNSET   840 PM MDT


-  INDICATES NEGATIVE NUMBERS.
R  INDICATES RECORD WAS SET OR TIED.
MM INDICATES DATA IS MISSING.
T  INDICATES TRACE AMOUNT.




$$
