000
CDUS41 KPBZ 191232
CLIZZV


CLIMATE REPORT
NATIONAL WEATHER SERVICE PITTSBURGH PA
832 AM EDT THU APR 19 2018


...................................

...THE ZANESVILLE OH CLIMATE SUMMARY FOR APRIL 19 2018...
VALID AS OF 0800 AM LOCAL TIME.

CLIMATE NORMAL PERIOD 1981 TO 2010
CLIMATE RECORD PERIOD 1895 TO 2018


WEATHER ITEM   OBSERVED TIME   RECORD YEAR NORMAL DEPARTURE LAST
                VALUE   (LST)  VALUE       VALUE  FROM      YEAR
                                                  NORMAL
..................................................................
TEMPERATURE (F)
 TODAY
  MAXIMUM         44    355 AM  90    1941
  MINIMUM         36    659 AM  21    1953  41     -5       62

PRECIPITATION (IN)
  TODAY            T             1.76 1901   0.11  -0.11      T
  MONTH TO DATE    4.22                      2.18   2.04     1.51
  SINCE JUN 1     37.67                     32.41   5.26    30.63
  SINCE JAN 1     14.81                     10.01   4.80    12.01

DEGREE DAYS
 HEATING
  TODAY           25

 COOLING
  TODAY            0
..................................................................







THE ZANESVILLE OH CLIMATE NORMALS FOR TOMORROW
                         NORMAL    RECORD    YEAR
 MAXIMUM TEMPERATURE (F)   65        88      1941
 MINIMUM TEMPERATURE (F)   41        21      1897


SUNRISE AND SUNSET
APRIL 19 2018.........SUNRISE   644 AM EDT   SUNSET   810 PM EDT
APRIL 20 2018.........SUNRISE   642 AM EDT   SUNSET   811 PM EDT


-  INDICATES NEGATIVE NUMBERS.
R  INDICATES RECORD WAS SET OR TIED.
MM INDICATES DATA IS MISSING.
T  INDICATES TRACE AMOUNT.




$$
