000
CXUS54 KOHX 011004
CLMBNA


CLIMATE REPORT
NATIONAL WEATHER SERVICE NASHVILLE TN
503 AM CDT TUE MAY 1 2018

...................................

...THE NASHVILLE CLIMATE SUMMARY FOR THE MONTH OF APRIL 2018...

CLIMATE NORMAL PERIOD 1981 TO 2010
CLIMATE RECORD PERIOD 1871 TO 2018

WEATHER         OBSERVED          NORMAL  DEPART  LAST YEAR`S
                 VALUE   DATE(S)  VALUE   FROM    VALUE
                                          NORMAL
.............................................................
TEMPERATURE (F)
RECORD
 HIGH              91   04/29/2017
                        04/09/2011
                        04/27/1989
 LOW               23   04/08/2007
                        04/07/1982
HIGHEST            83   04/03
LOWEST             30   04/17
                        04/08
AVG. MAXIMUM     66.4              70.5    -4.1
AVG. MINIMUM     44.1              47.5    -3.4
MEAN             55.3              59.0    -3.7       MM
DAYS MAX >= 90      0
DAYS MAX <= 32      0
DAYS MIN <= 32      3
DAYS MIN <= 0       0

PRECIPITATION (INCHES)
RECORD
 MAXIMUM        11.84   1874
 MINIMUM         0.52   1986
TOTALS           5.56              4.00    1.56
DAYS >= .01        11
DAYS >= .10         8
DAYS >= .50         4
DAYS >= 1.00        3
GREATEST
 24 HR. TOTAL    2.09   04/22 TO 04/22

SNOWFALL (INCHES)
TOTALS              T               0.0     0.0
SINCE 7/1         3.0                      -3.3
DAYS >= TRACE       1
DAYS >= 1.0         0

DEGREE_DAYS
HEATING TOTAL     295               217      78
 SINCE 7/1       3386              3628    -242
COOLING TOTAL      11                37     -26
 SINCE 1/1         34                45     -11
..............................................................

WIND (MPH)
AVERAGE WIND SPEED              8.4
HIGHEST GUST SPEED/DIRECTION    40/350    DATE  04/18

SKY COVER
POSSIBLE SUNSHINE (PERCENT)   MM
AVERAGE SKY COVER           0.50
NUMBER OF DAYS FAIR           10
NUMBER OF DAYS PC              6
NUMBER OF DAYS CLOUDY         14

AVERAGE RH (PERCENT)     62

WEATHER CONDITIONS. NUMBER OF DAYS WITH
  0
  8
  0
  1
  0
  0
  0
HAZE                      5

-  INDICATES NEGATIVE NUMBERS.
R  INDICATES RECORD WAS SET OR TIED.
MM INDICATES DATA IS MISSING.
T  INDICATES TRACE AMOUNT.

$$
