000
CXUS51 KLWX 011709
CLMDCA

CLIMATE REPORT
NATIONAL WEATHER SERVICE BALTIMORE MD/WASHINGTON DC
108 PM EDT TUE MAY 1 2018

...................................

...THE WASHINGTON NATIONAL DC CLIMATE SUMMARY FOR THE MONTH OF APRIL 2018...

CLIMATE NORMAL PERIOD 1981 TO 2010
CLIMATE RECORD PERIOD 1871 TO 2018

WEATHER         OBSERVED          NORMAL  DEPART  LAST YEAR`S
                 VALUE   DATE(S)  VALUE   FROM    VALUE
                                          NORMAL
.............................................................
TEMPERATURE (F)
RECORD
 HIGH              95   04/17/2002
                        04/18/1976
                        04/23/1960
 LOW               15   04/01/1923
HIGHEST            86   04/13        86       0
LOWEST             34   04/08        33       1
                        04/05
AVG. MAXIMUM     64.7              66.6    -1.9     72.9
AVG. MINIMUM     45.2              47.0    -1.8     54.7
MEAN             54.9              56.8    -1.9
DAYS MAX >= 90      0               0.3    -0.3
DAYS MAX <= 32      0               0.0     0.0
DAYS MIN <= 32      0               0.5    -0.5
DAYS MIN <= 0       0               0.0     0.0

PRECIPITATION (INCHES)
RECORD
 MAXIMUM         9.13   1889
 MINIMUM         0.03   1985
TOTALS           3.59              3.06    0.53     2.62
DAILY AVG.       0.12              0.10    0.02
DAYS >= .01         9              10.4    -1.4
DAYS >= .10         5               6.5    -1.5
DAYS >= .50         2               2.2    -0.2
DAYS >= 1.00        1               0.6     0.4
GREATEST
 24 HR. TOTAL    1.88   04/16 TO 04/16

SNOWFALL (INCHES)
RECORDS
 TOTAL            5.5   1924
TOTALS              T                 T     0.0
SINCE 7/1         7.8              15.4    -7.6
SNOWDEPTH AVG.      0
DAYS >= TRACE       1               0.1     0.9
DAYS >= 1.0         0               0.0     0.0
GREATEST
 SNOW DEPTH         0   MM
 24 HR TOTAL        T

DEGREE_DAYS
HEATING TOTAL     312               270      42      123
 SINCE 7/1       3759              3946    -187     3047
COOLING TOTAL      17                24      -7       94
 SINCE 1/1         21                26      -5      100
..............................................................

WIND (MPH)
AVERAGE WIND SPEED              10.8
HIGHEST WIND SPEED/DIRECTION    35/320    DATE  04/04
HIGHEST GUST SPEED/DIRECTION    46/320    DATE  04/04

SKY COVER
POSSIBLE SUNSHINE (PERCENT)   MM
AVERAGE SKY COVER           0.70
NUMBER OF DAYS FAIR            3
NUMBER OF DAYS PC             13
NUMBER OF DAYS CLOUDY         14

AVERAGE RH (PERCENT)     54

WEATHER CONDITIONS. NUMBER OF DAYS WITH
THUNDERSTORM              2     MIXED PRECIP               0
HEAVY RAIN                2     RAIN                       5
LIGHT RAIN               12     FREEZING RAIN              0
LT FREEZING RAIN          0     HAIL                       0
HEAVY SNOW                0     SNOW                       1
LIGHT SNOW                0     SLEET                      0
FOG                       8     FOG W/VIS <= 1/4 MILE      0
HAZE                      2

-  INDICATES NEGATIVE NUMBERS.
R  INDICATES RECORD WAS SET OR TIED.
MM INDICATES DATA IS MISSING.
T  INDICATES TRACE AMOUNT.

&&

WASHINGTON DC...RONALD REAGAN WASHINGTON NATIONAL AIRPORT...

THE AVERAGE TEMPERATURE IN APRIL WAS BELOW NORMAL. IT WAS THE
COLDEST APRIL SINCE 2007, WHEN THE AVERAGE TEMPERATURE WAS 53.6
DEGREES.

MONTHLY PRECIPITATION WAS 117 PERCENT OF NORMAL. IT WAS THE WETTEST
APRIL SINCE 2014, WHEN 6.47 INCHES OF PRECIPITATION FELL.

MONTHLY SNOWFALL WAS NORMAL. IT WAS THE SNOWIEST APRIL SINCE 2016,
WHEN A TRACE OF SNOW FELL.

A DAILY RECORD HIGH MINIMUM TEMPERATURE OF 60 DEGREES WAS TIED ON
APRIL 13TH. THIS TIED THE OLD RECORD PREVIOUSLY SET IN 1945.

CLIMATE RECORDS HAVE BEEN KEPT AT RONALD REAGAN WASHINGTON NATIONAL
AIRPORT SINCE JUNE OF 1941. ADDITIONAL TEMPERATURE RECORDS FOR THE
WASHINGTON DC AREA OBSERVED DOWNTOWN EXTEND BACK TO JANUARY OF 1872,
WITH PRECIPITATION RECORDS EXTENDING BACK TO JANUARY OF 1871 AND
SNOWFALL RECORDS EXTENDING BACK TO JANUARY OF 1884.

ALL CLIMATE DATA ARE CONSIDERED PRELIMINARY UNTIL REVIEWED BY THE
NATIONAL CENTERS FOR ENVIRONMENTAL INFORMATION (NCEI).

$$

RCM
